{"id":6840,"date":"2024-07-29T09:04:26","date_gmt":"2024-07-29T09:04:26","guid":{"rendered":"https:\/\/freiheitsdenkmal-leipzig.de\/?post_type=tribe_events&#038;p=6840"},"modified":"2024-07-30T09:04:14","modified_gmt":"2024-07-30T09:04:14","slug":"punks-17-8-2","status":"publish","type":"tribe_events","link":"https:\/\/freiheitsdenkmal-leipzig.de\/en\/event\/punks-17-8-2","title":{"rendered":"Zeitzeug*innencaf\u00e9 Hannover"},"content":{"rendered":"<section class=\"av_textblock_section av-lw64e7ih-d5e6477c729622ccf5d103a46666f649 \">\n<div class=\"avia_textblock\">\n<div class=\"post-entry post-entry-type-page post-entry-6441\">\n<div class=\"entry-content-wrapper clearfix\">\n<section class=\"av_textblock_section av-lw64lmg4-6a30c51393b5c33b07de856797926df2 \">\n<div class=\"avia_textblock\">\n<p>Im Zeitzeug*innengespr\u00e4ch m\u00f6chten wir bei Kaffee und Kuchen mit Zeitzeug*innen \u00fcber Ihr Erlebnis w\u00e4hrend, nach und vor der Friedlichen Revolution sprechen. Sie sind mit Ihrer Perspektive und Ihren Erfahrungen der 1980er und 1990er Jahre herzlich willkommen: Treten Sie mit uns in den Austausch!<\/p>\n<\/div>\n<\/section>\n<\/div>\n<\/div>\n<\/div>\n<\/section>\n","protected":false},"excerpt":{"rendered":"<p>Im Zeitzeug*innengespr\u00e4ch m\u00f6chten wir bei Kaffee und Kuchen mit Zeitzeug*innen \u00fcber Ihr Erlebnis w\u00e4hrend, nach und vor der Friedlichen Revolution sprechen. Sie sind mit Ihrer Perspektive und Ihren Erfahrungen der [&hellip;]<\/p>\n","protected":false},"author":1,"featured_media":0,"comment_status":"closed","ping_status":"closed","template":"","meta":{"_tribe_events_status":"","_tribe_events_status_reason":"","footnotes":""},"tags":[],"tribe_events_cat":[37],"class_list":["post-6840","tribe_events","type-tribe_events","status-publish","hentry","tribe_events_cat-zeitzeuginnen-cafe","cat_zeitzeuginnen-cafe"],"_links":{"self":[{"href":"https:\/\/freiheitsdenkmal-leipzig.de\/en\/wp-json\/wp\/v2\/tribe_events\/6840"}],"collection":[{"href":"https:\/\/freiheitsdenkmal-leipzig.de\/en\/wp-json\/wp\/v2\/tribe_events"}],"about":[{"href":"https:\/\/freiheitsdenkmal-leipzig.de\/en\/wp-json\/wp\/v2\/types\/tribe_events"}],"author":[{"embeddable":true,"href":"https:\/\/freiheitsdenkmal-leipzig.de\/en\/wp-json\/wp\/v2\/users\/1"}],"replies":[{"embeddable":true,"href":"https:\/\/freiheitsdenkmal-leipzig.de\/en\/wp-json\/wp\/v2\/comments?post=6840"}],"version-history":[{"count":3,"href":"https:\/\/freiheitsdenkmal-leipzig.de\/en\/wp-json\/wp\/v2\/tribe_events\/6840\/revisions"}],"predecessor-version":[{"id":7320,"href":"https:\/\/freiheitsdenkmal-leipzig.de\/en\/wp-json\/wp\/v2\/tribe_events\/6840\/revisions\/7320"}],"wp:attachment":[{"href":"https:\/\/freiheitsdenkmal-leipzig.de\/en\/wp-json\/wp\/v2\/media?parent=6840"}],"wp:term":[{"taxonomy":"post_tag","embeddable":true,"href":"https:\/\/freiheitsdenkmal-leipzig.de\/en\/wp-json\/wp\/v2\/tags?post=6840"},{"taxonomy":"tribe_events_cat","embeddable":true,"href":"https:\/\/freiheitsdenkmal-leipzig.de\/en\/wp-json\/wp\/v2\/tribe_events_cat?post=6840"}],"curies":[{"name":"wp","href":"https:\/\/api.w.org\/{rel}","templated":true}]}}

Zeitzeug*innencafé Hannover

<section class="av_textblock_section av-lw64e7ih-d5e6477c729622ccf5d103a46666f649 ">
<div class="avia_textblock">
<div class="post-entry post-entry-type-page post-entry-6441">
<div class="entry-content-wrapper clearfix">
<section class="av_textblock_section av-lw64lmg4-6a30c51393b5c33b07de856797926df2 ">
<div class="avia_textblock">
<p>Im Zeitzeug*innengespräch möchten wir bei Kaffee und Kuchen mit Zeitzeug*innen über Ihr Erlebnis während, nach und vor der Friedlichen Revolution sprechen. Sie sind mit Ihrer Perspektive und Ihren Erfahrungen der 1980er und 1990er Jahre herzlich willkommen: Treten Sie mit uns in den Austausch!</p>
</div>
</section>
</div>
</div>
</div>
</section>

<p>Im Zeitzeug*innengespräch möchten wir bei Kaffee und Kuchen mit Zeitzeug*innen über Ihr Erlebnis während, nach und vor der Friedlichen Revolution sprechen. Sie sind mit Ihrer Perspektive und Ihren Erfahrungen der [&hellip;]</p>
