{"id":6848,"date":"2024-07-29T09:21:18","date_gmt":"2024-07-29T09:21:18","guid":{"rendered":"https:\/\/freiheitsdenkmal-leipzig.de\/?post_type=tribe_events&#038;p=6848"},"modified":"2024-08-21T08:25:44","modified_gmt":"2024-08-21T08:25:44","slug":"gundermann-revier-2","status":"publish","type":"tribe_events","link":"https:\/\/freiheitsdenkmal-leipzig.de\/en\/event\/gundermann-revier-2","title":{"rendered":"Film: \u201eDie verschwundene Heimat&#8220; \u2013 Wie sich der Osten an die DDR erinnert"},"content":{"rendered":"<p><strong>Filmvorf\u00fchrung mit anschlie\u00dfendem Gespr\u00e4ch mit DR. Sabine Kuder, Leiterin des Arbeitsbereiches Public History der Bundesstiftung zur Aufarbeitung der SED-Diktatur<\/strong><\/p>\n<p><strong>Die verschwundene Heimat, Regie: Thomas Eichberg und Holger Metzner, 2019, 45 Min<\/strong><\/p>\n<p>Wie viel DDR steckt noch im Osten? Und wie erinnert sich der Osten an die DDR? Das sind die beiden wesentlichen Fragen, denen wir in unserem Film nachgehen. Welche Erinnerungen an die DDR wach sind, h\u00e4ngt stark davon ab, wie wir die DDR erlebt haben. Diese Erinnerungen pr\u00e4gen unsere heutige Sicht auf das verschwundene Land. Aber auch unsere Zukunftsperspektive h\u00e4ngt stark davon ab.<\/p>\n<p>Die DDR war ein widerspr\u00fcchliches Land. Menschen die in ihr gelebt haben, erinnern sich an Gl\u00fcck und Leid, an das Gef\u00fchl von Sicherheit oder ein Leben in Angst; an Erfolge der sozialistischen Planwirtschaft und gleichzeitig an die langen Schlangen vor leeren Gesch\u00e4ften. Wie passt das alles zusammen? Und wie beeinflusst die Erinnerung an die DDR das Lebensgef\u00fchl im Osten heute? Manchmal scheint es, als h\u00e4tte es mehr als eine DDR gegeben.<\/p>\n<p>In der 45-min\u00fctige Dokumentation treffen wir Menschen, die verschiedene, ja gegens\u00e4tzliche Geschichten \u00fcber den sozialistischen Staat erz\u00e4hlen: Arbeiter und ehemalige Funktion\u00e4re, DDR-Wirtschaftsbosse und politische H\u00e4ftlinge. Der Film zeigt, wie sie sich erinnern \u2013 und wie die DDR-Erfahrung ihr Leben im vereinten Deutschland pr\u00e4gt.<\/p>\n","protected":false},"excerpt":{"rendered":"<p>Filmvorf\u00fchrung mit anschlie\u00dfendem Gespr\u00e4ch mit DR. Sabine Kuder, Leiterin des Arbeitsbereiches Public History der Bundesstiftung zur Aufarbeitung der SED-Diktatur Die verschwundene Heimat, Regie: Thomas Eichberg und Holger Metzner, 2019, 45 [&hellip;]<\/p>\n","protected":false},"author":1,"featured_media":6909,"comment_status":"closed","ping_status":"closed","template":"","meta":{"_tribe_events_status":"","_tribe_events_status_reason":"","footnotes":""},"tags":[],"tribe_events_cat":[27],"class_list":["post-6848","tribe_events","type-tribe_events","status-publish","has-post-thumbnail","hentry","tribe_events_cat-film-gespraech","cat_film-gespraech"],"_links":{"self":[{"href":"https:\/\/freiheitsdenkmal-leipzig.de\/en\/wp-json\/wp\/v2\/tribe_events\/6848"}],"collection":[{"href":"https:\/\/freiheitsdenkmal-leipzig.de\/en\/wp-json\/wp\/v2\/tribe_events"}],"about":[{"href":"https:\/\/freiheitsdenkmal-leipzig.de\/en\/wp-json\/wp\/v2\/types\/tribe_events"}],"author":[{"embeddable":true,"href":"https:\/\/freiheitsdenkmal-leipzig.de\/en\/wp-json\/wp\/v2\/users\/1"}],"replies":[{"embeddable":true,"href":"https:\/\/freiheitsdenkmal-leipzig.de\/en\/wp-json\/wp\/v2\/comments?post=6848"}],"version-history":[{"count":3,"href":"https:\/\/freiheitsdenkmal-leipzig.de\/en\/wp-json\/wp\/v2\/tribe_events\/6848\/revisions"}],"predecessor-version":[{"id":6850,"href":"https:\/\/freiheitsdenkmal-leipzig.de\/en\/wp-json\/wp\/v2\/tribe_events\/6848\/revisions\/6850"}],"wp:featuredmedia":[{"embeddable":true,"href":"https:\/\/freiheitsdenkmal-leipzig.de\/en\/wp-json\/wp\/v2\/media\/6909"}],"wp:attachment":[{"href":"https:\/\/freiheitsdenkmal-leipzig.de\/en\/wp-json\/wp\/v2\/media?parent=6848"}],"wp:term":[{"taxonomy":"post_tag","embeddable":true,"href":"https:\/\/freiheitsdenkmal-leipzig.de\/en\/wp-json\/wp\/v2\/tags?post=6848"},{"taxonomy":"tribe_events_cat","embeddable":true,"href":"https:\/\/freiheitsdenkmal-leipzig.de\/en\/wp-json\/wp\/v2\/tribe_events_cat?post=6848"}],"curies":[{"name":"wp","href":"https:\/\/api.w.org\/{rel}","templated":true}]}}

<p><strong>Filmvorführung mit anschließendem Gespräch mit DR. Sabine Kuder, Leiterin des Arbeitsbereiches Public History der Bundesstiftung zur Aufarbeitung der SED-Diktatur</strong></p>
<p><strong>Die verschwundene Heimat, Regie: Thomas Eichberg und Holger Metzner, 2019, 45 Min</strong></p>
<p>Wie viel DDR steckt noch im Osten? Und wie erinnert sich der Osten an die DDR? Das sind die beiden wesentlichen Fragen, denen wir in unserem Film nachgehen. Welche Erinnerungen an die DDR wach sind, hängt stark davon ab, wie wir die DDR erlebt haben. Diese Erinnerungen prägen unsere heutige Sicht auf das verschwundene Land. Aber auch unsere Zukunftsperspektive hängt stark davon ab.</p>
<p>Die DDR war ein widersprüchliches Land. Menschen die in ihr gelebt haben, erinnern sich an Glück und Leid, an das Gefühl von Sicherheit oder ein Leben in Angst; an Erfolge der sozialistischen Planwirtschaft und gleichzeitig an die langen Schlangen vor leeren Geschäften. Wie passt das alles zusammen? Und wie beeinflusst die Erinnerung an die DDR das Lebensgefühl im Osten heute? Manchmal scheint es, als hätte es mehr als eine DDR gegeben.</p>
<p>In der 45-minütige Dokumentation treffen wir Menschen, die verschiedene, ja gegensätzliche Geschichten über den sozialistischen Staat erzählen: Arbeiter und ehemalige Funktionäre, DDR-Wirtschaftsbosse und politische Häftlinge. Der Film zeigt, wie sie sich erinnern – und wie die DDR-Erfahrung ihr Leben im vereinten Deutschland prägt.</p>

<p>Filmvorführung mit anschließendem Gespräch mit DR. Sabine Kuder, Leiterin des Arbeitsbereiches Public History der Bundesstiftung zur Aufarbeitung der SED-Diktatur Die verschwundene Heimat, Regie: Thomas Eichberg und Holger Metzner, 2019, 45 [&hellip;]</p>
