{"id":6893,"date":"2024-07-30T07:29:02","date_gmt":"2024-07-30T07:29:02","guid":{"rendered":"https:\/\/freiheitsdenkmal-leipzig.de\/?post_type=tribe_events&#038;p=6893"},"modified":"2024-07-30T07:29:47","modified_gmt":"2024-07-30T07:29:47","slug":"lesung-21-8-24","status":"publish","type":"tribe_events","link":"https:\/\/freiheitsdenkmal-leipzig.de\/en\/event\/lesung-21-8-24","title":{"rendered":"Lesung: \u201eHerbstjahr\u201c"},"content":{"rendered":"<section class=\"av_textblock_section av-lw64e7ih-d5e6477c729622ccf5d103a46666f649 \">\n<div class=\"avia_textblock\">\n<p>Im Rahmen der Ausstellung \u201eDDR in Aufruhr\u201c liest Ralph Gr\u00fcneberger aus seinem Buch \u201eHerbstjahr\u201c.<\/p>\n<p>Ralph Gr\u00fcneberger ist geb\u00fcrtiger Leipziger und in der Messestadt aufgewachsen. Als Stipendiat der Kulturstiftung Sachsen begann er 2012 mit der Arbeit an seinem ersten Roman, nachdem er Arbeiten f\u00fcr den Rundfunk, Literaturkritiken f\u00fcr das Feuilleton, zahlreiche Lyrik- und Prosab\u00e4nde sowie Monografien zu bildenden K\u00fcnstlern ver\u00f6ffentlicht hatte. Von 2006 bis 2021 war er Herausgeber einer Literaturzeitschrift; von 1996 bis 2021 f\u00fchrte er als Vorsitzender die Internationale Gesellschaft f\u00fcr zeitgen\u00f6ssische Lyrik e.V., aktuell ist er ihr Ehrenvorsitzender; seit 2000 ist er Mitglied im PEN-Zentrum Deutschland.<\/p>\n<p>In seinem Roman Herbstjahr beschreibt er die ersten Leipziger Montagsdemonstrationen 1989 aus vielschichtigen Perspektiven. Die Protagonisten erleben ein repressives System und Streitigkeiten innerhalb der Familie, wohingegen sie auf unterschiedliche Weise Mut und demokratischen Willen beweisen. Sie beteiligen sich an verschiedenen Protestaktionen. Auf der Suche nach Orientierung kommt die Gr\u00fcndung des Neuen Forums grade richtig. Die bevorstehende Wiedervereinigung Deutschlands bringt jedoch einen Stillstand und eine ungewisse Zukunft mit sich, wobei die Zeit der gro\u00dfen Hoffnung, als es hie\u00df \u00bbKeine Gewalt!\u00ab, ein j\u00e4hes Ende gefunden hat.<\/p>\n<p>Der Eintritt ist kostenlos und der Zugang barrierefrei.<\/p>\n<p><em>Foto: Synke Vollring<\/em><\/p>\n<\/div>\n<\/section>\n","protected":false},"excerpt":{"rendered":"<p>Im Rahmen der Ausstellung \u201eDDR in Aufruhr\u201c liest Ralph Gr\u00fcneberger aus seinem Buch \u201eHerbstjahr\u201c. Ralph Gr\u00fcneberger ist geb\u00fcrtiger Leipziger und in der Messestadt aufgewachsen. Als Stipendiat der Kulturstiftung Sachsen begann [&hellip;]<\/p>\n","protected":false},"author":1,"featured_media":6894,"comment_status":"closed","ping_status":"closed","template":"","meta":{"_tribe_events_status":"","_tribe_events_status_reason":"","footnotes":""},"tags":[],"tribe_events_cat":[35],"class_list":["post-6893","tribe_events","type-tribe_events","status-publish","has-post-thumbnail","hentry","tribe_events_cat-lesung","cat_lesung"],"_links":{"self":[{"href":"https:\/\/freiheitsdenkmal-leipzig.de\/en\/wp-json\/wp\/v2\/tribe_events\/6893"}],"collection":[{"href":"https:\/\/freiheitsdenkmal-leipzig.de\/en\/wp-json\/wp\/v2\/tribe_events"}],"about":[{"href":"https:\/\/freiheitsdenkmal-leipzig.de\/en\/wp-json\/wp\/v2\/types\/tribe_events"}],"author":[{"embeddable":true,"href":"https:\/\/freiheitsdenkmal-leipzig.de\/en\/wp-json\/wp\/v2\/users\/1"}],"replies":[{"embeddable":true,"href":"https:\/\/freiheitsdenkmal-leipzig.de\/en\/wp-json\/wp\/v2\/comments?post=6893"}],"version-history":[{"count":2,"href":"https:\/\/freiheitsdenkmal-leipzig.de\/en\/wp-json\/wp\/v2\/tribe_events\/6893\/revisions"}],"predecessor-version":[{"id":6896,"href":"https:\/\/freiheitsdenkmal-leipzig.de\/en\/wp-json\/wp\/v2\/tribe_events\/6893\/revisions\/6896"}],"wp:featuredmedia":[{"embeddable":true,"href":"https:\/\/freiheitsdenkmal-leipzig.de\/en\/wp-json\/wp\/v2\/media\/6894"}],"wp:attachment":[{"href":"https:\/\/freiheitsdenkmal-leipzig.de\/en\/wp-json\/wp\/v2\/media?parent=6893"}],"wp:term":[{"taxonomy":"post_tag","embeddable":true,"href":"https:\/\/freiheitsdenkmal-leipzig.de\/en\/wp-json\/wp\/v2\/tags?post=6893"},{"taxonomy":"tribe_events_cat","embeddable":true,"href":"https:\/\/freiheitsdenkmal-leipzig.de\/en\/wp-json\/wp\/v2\/tribe_events_cat?post=6893"}],"curies":[{"name":"wp","href":"https:\/\/api.w.org\/{rel}","templated":true}]}}

<section class="av_textblock_section av-lw64e7ih-d5e6477c729622ccf5d103a46666f649 ">
<div class="avia_textblock">
<p>Im Rahmen der Ausstellung „DDR in Aufruhr“ liest Ralph Grüneberger aus seinem Buch „Herbstjahr“.</p>
<p>Ralph Grüneberger ist gebürtiger Leipziger und in der Messestadt aufgewachsen. Als Stipendiat der Kulturstiftung Sachsen begann er 2012 mit der Arbeit an seinem ersten Roman, nachdem er Arbeiten für den Rundfunk, Literaturkritiken für das Feuilleton, zahlreiche Lyrik- und Prosabände sowie Monografien zu bildenden Künstlern veröffentlicht hatte. Von 2006 bis 2021 war er Herausgeber einer Literaturzeitschrift; von 1996 bis 2021 führte er als Vorsitzender die Internationale Gesellschaft für zeitgenössische Lyrik e.V., aktuell ist er ihr Ehrenvorsitzender; seit 2000 ist er Mitglied im PEN-Zentrum Deutschland.</p>
<p>In seinem Roman Herbstjahr beschreibt er die ersten Leipziger Montagsdemonstrationen 1989 aus vielschichtigen Perspektiven. Die Protagonisten erleben ein repressives System und Streitigkeiten innerhalb der Familie, wohingegen sie auf unterschiedliche Weise Mut und demokratischen Willen beweisen. Sie beteiligen sich an verschiedenen Protestaktionen. Auf der Suche nach Orientierung kommt die Gründung des Neuen Forums grade richtig. Die bevorstehende Wiedervereinigung Deutschlands bringt jedoch einen Stillstand und eine ungewisse Zukunft mit sich, wobei die Zeit der großen Hoffnung, als es hieß »Keine Gewalt!«, ein jähes Ende gefunden hat.</p>
<p>Der Eintritt ist kostenlos und der Zugang barrierefrei.</p>
<p><em>Foto: Synke Vollring</em></p>
</div>
</section>

<p>Im Rahmen der Ausstellung „DDR in Aufruhr“ liest Ralph Grüneberger aus seinem Buch „Herbstjahr“. Ralph Grüneberger ist gebürtiger Leipziger und in der Messestadt aufgewachsen. Als Stipendiat der Kulturstiftung Sachsen begann [&hellip;]</p>
