{"id":6897,"date":"2024-07-30T07:35:11","date_gmt":"2024-07-30T07:35:11","guid":{"rendered":"https:\/\/freiheitsdenkmal-leipzig.de\/?post_type=tribe_events&#038;p=6897"},"modified":"2024-08-14T13:24:02","modified_gmt":"2024-08-14T13:24:02","slug":"zeitzeuginnen-cafe-mit-rolf-sprink","status":"publish","type":"tribe_events","link":"https:\/\/freiheitsdenkmal-leipzig.de\/en\/event\/zeitzeuginnen-cafe-mit-rolf-sprink","title":{"rendered":"Zeitzeug:innencaf\u00e9 mit Rolf Sprink"},"content":{"rendered":"<p>Wir laden dazu ein, in informeller Atmosph\u00e4re Erfahrungen und Erinnerungen an die Friedliche Revolution zu erz\u00e4hlen und auszutauschen. Dabei sollen unterschiedliche Perspektiven zu Wort kommen und so die biografische und historische Bedeutung dieses gesellschaftlichen Ereignisses gemeinsam reflektiert werden.<br \/>\nDas Format ist offen f\u00fcr alle, die neugierig sind oder selbst mit dabei waren.<br \/>\nZu Gast ist dieses Mal <strong>Rolf Sprink.<\/strong><\/p>\n<p>Rolf Sprink, geb\u00fcrtig in Sachsen, legte das Abitur in Bautzen ab. Anschlie\u00dfend studierte er V\u00f6lkerkunde in Leipzig und war als Lektor zun\u00e4chst im Brockhaus-Verlag, dann im Tourist Verlag t\u00e4tig. Im Umfeld der Evangelischen Kirche in Leipzig kn\u00fcpfte er Kontakte zu B\u00fcrgerrechtlern. Er war Zeuge der Zerschlagung des Plei\u00dfe-Gedenk-Umzugs vor der Paul-Gerhard-Kirche und schrieb zahlreiche Eingaben an die SED, um mehr Rechtsstaatlichkeit einzufordern. Nach dessen Gr\u00fcndung 1989 arbeitete er im Neuen Forum mit. Er war unter anderem f\u00fcr den Aufbau des Forum Verlags Leipzig zust\u00e4ndig. Im Anschluss wechselte er zur neu gegr\u00fcndeten \u00f6kumenischen Stadtakademie, einem Bildungswerk Leipziger Kirchen. Ab 1996 leitete er bis 2015 die Volkshochschule. Heute geh\u00f6rt er u.a. dem Kuratorium der Stiftung Friedliche Revolution an.<\/p>\n","protected":false},"excerpt":{"rendered":"<p>Wir laden dazu ein, in informeller Atmosph\u00e4re Erfahrungen und Erinnerungen an die Friedliche Revolution zu erz\u00e4hlen und auszutauschen. Dabei sollen unterschiedliche Perspektiven zu Wort kommen und so die biografische und [&hellip;]<\/p>\n","protected":false},"author":1,"featured_media":6898,"comment_status":"closed","ping_status":"closed","template":"","meta":{"_tribe_events_status":"","_tribe_events_status_reason":"","footnotes":""},"tags":[],"tribe_events_cat":[37],"class_list":["post-6897","tribe_events","type-tribe_events","status-publish","has-post-thumbnail","hentry","tribe_events_cat-zeitzeuginnen-cafe","cat_zeitzeuginnen-cafe"],"_links":{"self":[{"href":"https:\/\/freiheitsdenkmal-leipzig.de\/en\/wp-json\/wp\/v2\/tribe_events\/6897"}],"collection":[{"href":"https:\/\/freiheitsdenkmal-leipzig.de\/en\/wp-json\/wp\/v2\/tribe_events"}],"about":[{"href":"https:\/\/freiheitsdenkmal-leipzig.de\/en\/wp-json\/wp\/v2\/types\/tribe_events"}],"author":[{"embeddable":true,"href":"https:\/\/freiheitsdenkmal-leipzig.de\/en\/wp-json\/wp\/v2\/users\/1"}],"replies":[{"embeddable":true,"href":"https:\/\/freiheitsdenkmal-leipzig.de\/en\/wp-json\/wp\/v2\/comments?post=6897"}],"version-history":[{"count":2,"href":"https:\/\/freiheitsdenkmal-leipzig.de\/en\/wp-json\/wp\/v2\/tribe_events\/6897\/revisions"}],"predecessor-version":[{"id":7298,"href":"https:\/\/freiheitsdenkmal-leipzig.de\/en\/wp-json\/wp\/v2\/tribe_events\/6897\/revisions\/7298"}],"wp:featuredmedia":[{"embeddable":true,"href":"https:\/\/freiheitsdenkmal-leipzig.de\/en\/wp-json\/wp\/v2\/media\/6898"}],"wp:attachment":[{"href":"https:\/\/freiheitsdenkmal-leipzig.de\/en\/wp-json\/wp\/v2\/media?parent=6897"}],"wp:term":[{"taxonomy":"post_tag","embeddable":true,"href":"https:\/\/freiheitsdenkmal-leipzig.de\/en\/wp-json\/wp\/v2\/tags?post=6897"},{"taxonomy":"tribe_events_cat","embeddable":true,"href":"https:\/\/freiheitsdenkmal-leipzig.de\/en\/wp-json\/wp\/v2\/tribe_events_cat?post=6897"}],"curies":[{"name":"wp","href":"https:\/\/api.w.org\/{rel}","templated":true}]}}

Zeitzeug:innencafé mit Rolf Sprink

<p>Wir laden dazu ein, in informeller Atmosphäre Erfahrungen und Erinnerungen an die Friedliche Revolution zu erzählen und auszutauschen. Dabei sollen unterschiedliche Perspektiven zu Wort kommen und so die biografische und historische Bedeutung dieses gesellschaftlichen Ereignisses gemeinsam reflektiert werden.<br />
Das Format ist offen für alle, die neugierig sind oder selbst mit dabei waren.<br />
Zu Gast ist dieses Mal <strong>Rolf Sprink.</strong></p>
<p>Rolf Sprink, gebürtig in Sachsen, legte das Abitur in Bautzen ab. Anschließend studierte er Völkerkunde in Leipzig und war als Lektor zunächst im Brockhaus-Verlag, dann im Tourist Verlag tätig. Im Umfeld der Evangelischen Kirche in Leipzig knüpfte er Kontakte zu Bürgerrechtlern. Er war Zeuge der Zerschlagung des Pleiße-Gedenk-Umzugs vor der Paul-Gerhard-Kirche und schrieb zahlreiche Eingaben an die SED, um mehr Rechtsstaatlichkeit einzufordern. Nach dessen Gründung 1989 arbeitete er im Neuen Forum mit. Er war unter anderem für den Aufbau des Forum Verlags Leipzig zuständig. Im Anschluss wechselte er zur neu gegründeten ökumenischen Stadtakademie, einem Bildungswerk Leipziger Kirchen. Ab 1996 leitete er bis 2015 die Volkshochschule. Heute gehört er u.a. dem Kuratorium der Stiftung Friedliche Revolution an.</p>

<p>Wir laden dazu ein, in informeller Atmosphäre Erfahrungen und Erinnerungen an die Friedliche Revolution zu erzählen und auszutauschen. Dabei sollen unterschiedliche Perspektiven zu Wort kommen und so die biografische und [&hellip;]</p>
