{"id":7352,"date":"2024-08-20T10:59:26","date_gmt":"2024-08-20T10:59:26","guid":{"rendered":"https:\/\/freiheitsdenkmal-leipzig.de\/?post_type=tribe_events&#038;p=7352"},"modified":"2024-08-20T10:59:26","modified_gmt":"2024-08-20T10:59:26","slug":"kurator-innen-fuehrung-4-9","status":"publish","type":"tribe_events","link":"https:\/\/freiheitsdenkmal-leipzig.de\/en\/event\/kurator-innen-fuehrung-4-9","title":{"rendered":"Kurator:innenf\u00fchrung im Rahmen der Er\u00f6ffnung"},"content":{"rendered":"<h4>Kurator:innen-F\u00fchrung durch die Ausstellung<\/h4>\n<section class=\"av_textblock_section av-lw64coe3-c5802311cf5c5a43327e1bb62c7d0675 \">\n<div class=\"avia_textblock\">\n<p>Bei der F\u00fchrung geben die Kurator:innen Einblicke in ihre Denkmal-Recherchen, in die Entstehung des Ausstellungsprojekts und in die Zusammenarbeit mit den beteiligten K\u00fcnstler:innen.<\/p>\n<\/div>\n<\/section>\n","protected":false},"excerpt":{"rendered":"<p>Kurator:innen-F\u00fchrung durch die Ausstellung Bei der F\u00fchrung geben die Kurator:innen Einblicke in ihre Denkmal-Recherchen, in die Entstehung des Ausstellungsprojekts und in die Zusammenarbeit mit den beteiligten K\u00fcnstler:innen.<\/p>\n","protected":false},"author":1,"featured_media":6700,"comment_status":"closed","ping_status":"closed","template":"","meta":{"_tribe_events_status":"","_tribe_events_status_reason":"","footnotes":""},"tags":[],"tribe_events_cat":[34,25],"class_list":["post-7352","tribe_events","type-tribe_events","status-publish","has-post-thumbnail","hentry","tribe_events_cat-ausstellungseroeffnung","tribe_events_cat-kuratorinnenfuehrung","cat_ausstellungseroeffnung","cat_kuratorinnenfuehrung"],"_links":{"self":[{"href":"https:\/\/freiheitsdenkmal-leipzig.de\/en\/wp-json\/wp\/v2\/tribe_events\/7352"}],"collection":[{"href":"https:\/\/freiheitsdenkmal-leipzig.de\/en\/wp-json\/wp\/v2\/tribe_events"}],"about":[{"href":"https:\/\/freiheitsdenkmal-leipzig.de\/en\/wp-json\/wp\/v2\/types\/tribe_events"}],"author":[{"embeddable":true,"href":"https:\/\/freiheitsdenkmal-leipzig.de\/en\/wp-json\/wp\/v2\/users\/1"}],"replies":[{"embeddable":true,"href":"https:\/\/freiheitsdenkmal-leipzig.de\/en\/wp-json\/wp\/v2\/comments?post=7352"}],"version-history":[{"count":2,"href":"https:\/\/freiheitsdenkmal-leipzig.de\/en\/wp-json\/wp\/v2\/tribe_events\/7352\/revisions"}],"predecessor-version":[{"id":7355,"href":"https:\/\/freiheitsdenkmal-leipzig.de\/en\/wp-json\/wp\/v2\/tribe_events\/7352\/revisions\/7355"}],"wp:featuredmedia":[{"embeddable":true,"href":"https:\/\/freiheitsdenkmal-leipzig.de\/en\/wp-json\/wp\/v2\/media\/6700"}],"wp:attachment":[{"href":"https:\/\/freiheitsdenkmal-leipzig.de\/en\/wp-json\/wp\/v2\/media?parent=7352"}],"wp:term":[{"taxonomy":"post_tag","embeddable":true,"href":"https:\/\/freiheitsdenkmal-leipzig.de\/en\/wp-json\/wp\/v2\/tags?post=7352"},{"taxonomy":"tribe_events_cat","embeddable":true,"href":"https:\/\/freiheitsdenkmal-leipzig.de\/en\/wp-json\/wp\/v2\/tribe_events_cat?post=7352"}],"curies":[{"name":"wp","href":"https:\/\/api.w.org\/{rel}","templated":true}]}}

Kurator:innenführung im Rahmen der Eröffnung

<h4>Kurator:innen-Führung durch die Ausstellung</h4>
<section class="av_textblock_section av-lw64coe3-c5802311cf5c5a43327e1bb62c7d0675 ">
<div class="avia_textblock">
<p>Bei der Führung geben die Kurator:innen Einblicke in ihre Denkmal-Recherchen, in die Entstehung des Ausstellungsprojekts und in die Zusammenarbeit mit den beteiligten Künstler:innen.</p>
</div>
</section>

<p>Kurator:innen-Führung durch die Ausstellung Bei der Führung geben die Kurator:innen Einblicke in ihre Denkmal-Recherchen, in die Entstehung des Ausstellungsprojekts und in die Zusammenarbeit mit den beteiligten Künstler:innen.</p>
