{"id":7366,"date":"2024-08-20T11:12:28","date_gmt":"2024-08-20T11:12:28","guid":{"rendered":"https:\/\/freiheitsdenkmal-leipzig.de\/?post_type=tribe_events&#038;p=7366"},"modified":"2024-08-20T11:12:28","modified_gmt":"2024-08-20T11:12:28","slug":"fuehrung-ofefnes-denkmal-8-9-3","status":"publish","type":"tribe_events","link":"https:\/\/freiheitsdenkmal-leipzig.de\/en\/event\/fuehrung-ofefnes-denkmal-8-9-3","title":{"rendered":"F\u00fchrung zum Tag des Offenen Denkmals"},"content":{"rendered":"<section class=\"av_textblock_section av-m026vt6h-c304c3d931929ac1150eff6c8a385c6b \">\n<div class=\"avia_textblock\">\n<p>Am \u201eTag des offenen Denkmals\u201c bieten wir im Ausstellungsraum, einer\u00a0 Raumerweiterungshalle aus den 60er Jahren der DDR, dreimal halbst\u00fcndige F\u00fchrung durch die Ausstellung an. Die gef\u00fchrten Rundg\u00e4nge sollen einen kurzen Einblick in die verschiedenen multimedialen Arbeiten internationaler K\u00fcnstler*innen bieten, die sich aus verschiedenen Perspektiven dem Denkmalbegriff widmen und diesen an unterschiedlichen Beispielen aus dem Leipziger Umland, den Montagsdemonstrationen, aber auch im internationalen Kontext beleuchten. Es soll darum gehen, Denkmalprozesse als Aushandlungsprozesse zu betrachten. Es wird die Frage gestellt: Wie betrachten wir Denkm\u00e4ler, wof\u00fcr stehen sie, was k\u00f6nnen und sollen sie leisten? Was machen wir mit Denkm\u00e4lern, die nicht mehr zeitgem\u00e4\u00df sind?<\/p>\n<\/div>\n<\/section>\n","protected":false},"excerpt":{"rendered":"<p>Am \u201eTag des offenen Denkmals\u201c bieten wir im Ausstellungsraum, einer\u00a0 Raumerweiterungshalle aus den 60er Jahren der DDR, dreimal halbst\u00fcndige F\u00fchrung durch die Ausstellung an. Die gef\u00fchrten Rundg\u00e4nge sollen einen kurzen [&hellip;]<\/p>\n","protected":false},"author":1,"featured_media":0,"comment_status":"closed","ping_status":"closed","template":"","meta":{"_tribe_events_status":"","_tribe_events_status_reason":"","footnotes":""},"tags":[],"tribe_events_cat":[24],"class_list":["post-7366","tribe_events","type-tribe_events","status-publish","hentry","tribe_events_cat-offene-fuehrung-durch-die-ausstellung","cat_offene-fuehrung-durch-die-ausstellung"],"_links":{"self":[{"href":"https:\/\/freiheitsdenkmal-leipzig.de\/en\/wp-json\/wp\/v2\/tribe_events\/7366"}],"collection":[{"href":"https:\/\/freiheitsdenkmal-leipzig.de\/en\/wp-json\/wp\/v2\/tribe_events"}],"about":[{"href":"https:\/\/freiheitsdenkmal-leipzig.de\/en\/wp-json\/wp\/v2\/types\/tribe_events"}],"author":[{"embeddable":true,"href":"https:\/\/freiheitsdenkmal-leipzig.de\/en\/wp-json\/wp\/v2\/users\/1"}],"replies":[{"embeddable":true,"href":"https:\/\/freiheitsdenkmal-leipzig.de\/en\/wp-json\/wp\/v2\/comments?post=7366"}],"version-history":[{"count":2,"href":"https:\/\/freiheitsdenkmal-leipzig.de\/en\/wp-json\/wp\/v2\/tribe_events\/7366\/revisions"}],"predecessor-version":[{"id":7368,"href":"https:\/\/freiheitsdenkmal-leipzig.de\/en\/wp-json\/wp\/v2\/tribe_events\/7366\/revisions\/7368"}],"wp:attachment":[{"href":"https:\/\/freiheitsdenkmal-leipzig.de\/en\/wp-json\/wp\/v2\/media?parent=7366"}],"wp:term":[{"taxonomy":"post_tag","embeddable":true,"href":"https:\/\/freiheitsdenkmal-leipzig.de\/en\/wp-json\/wp\/v2\/tags?post=7366"},{"taxonomy":"tribe_events_cat","embeddable":true,"href":"https:\/\/freiheitsdenkmal-leipzig.de\/en\/wp-json\/wp\/v2\/tribe_events_cat?post=7366"}],"curies":[{"name":"wp","href":"https:\/\/api.w.org\/{rel}","templated":true}]}}

Führung zum Tag des Offenen Denkmals

<section class="av_textblock_section av-m026vt6h-c304c3d931929ac1150eff6c8a385c6b ">
<div class="avia_textblock">
<p>Am „Tag des offenen Denkmals“ bieten wir im Ausstellungsraum, einer  Raumerweiterungshalle aus den 60er Jahren der DDR, dreimal halbstündige Führung durch die Ausstellung an. Die geführten Rundgänge sollen einen kurzen Einblick in die verschiedenen multimedialen Arbeiten internationaler Künstler*innen bieten, die sich aus verschiedenen Perspektiven dem Denkmalbegriff widmen und diesen an unterschiedlichen Beispielen aus dem Leipziger Umland, den Montagsdemonstrationen, aber auch im internationalen Kontext beleuchten. Es soll darum gehen, Denkmalprozesse als Aushandlungsprozesse zu betrachten. Es wird die Frage gestellt: Wie betrachten wir Denkmäler, wofür stehen sie, was können und sollen sie leisten? Was machen wir mit Denkmälern, die nicht mehr zeitgemäß sind?</p>
</div>
</section>

<p>Am „Tag des offenen Denkmals“ bieten wir im Ausstellungsraum, einer  Raumerweiterungshalle aus den 60er Jahren der DDR, dreimal halbstündige Führung durch die Ausstellung an. Die geführten Rundgänge sollen einen kurzen [&hellip;]</p>
