{"id":7369,"date":"2024-08-20T11:14:49","date_gmt":"2024-08-20T11:14:49","guid":{"rendered":"https:\/\/freiheitsdenkmal-leipzig.de\/?post_type=tribe_events&#038;p=7369"},"modified":"2024-08-20T11:16:55","modified_gmt":"2024-08-20T11:16:55","slug":"offene-fuehrung-17-9","status":"publish","type":"tribe_events","link":"https:\/\/freiheitsdenkmal-leipzig.de\/en\/event\/offene-fuehrung-17-9","title":{"rendered":"Offene F\u00fchrung durch die Ausstellung"},"content":{"rendered":"<section class=\"av_textblock_section av-m026vt6h-c304c3d931929ac1150eff6c8a385c6b \">\n<div class=\"avia_textblock\">\n<p>Die gef\u00fchrten Rundg\u00e4nge sollen einen kurzen Einblick in die Ausstellung und die verschiedenen multimedialen Arbeiten internationaler K\u00fcnstler*innen bieten, die sich aus verschiedenen Perspektiven dem Denkmalbegriff widmen und diesen an unterschiedlichen Beispielen aus dem Leipziger Umland, den Montagsdemonstrationen, aber auch im internationalen Kontext beleuchten.<\/p>\n<p>Eine Anmeldung ist nicht n\u00f6tig.<\/p>\n<\/div>\n<\/section>\n","protected":false},"excerpt":{"rendered":"<p>Die gef\u00fchrten Rundg\u00e4nge sollen einen kurzen Einblick in die Ausstellung und die verschiedenen multimedialen Arbeiten internationaler K\u00fcnstler*innen bieten, die sich aus verschiedenen Perspektiven dem Denkmalbegriff widmen und diesen an unterschiedlichen [&hellip;]<\/p>\n","protected":false},"author":1,"featured_media":0,"comment_status":"closed","ping_status":"closed","template":"","meta":{"_tribe_events_status":"","_tribe_events_status_reason":"","footnotes":""},"tags":[],"tribe_events_cat":[24],"class_list":["post-7369","tribe_events","type-tribe_events","status-publish","hentry","tribe_events_cat-offene-fuehrung-durch-die-ausstellung","cat_offene-fuehrung-durch-die-ausstellung"],"_links":{"self":[{"href":"https:\/\/freiheitsdenkmal-leipzig.de\/en\/wp-json\/wp\/v2\/tribe_events\/7369"}],"collection":[{"href":"https:\/\/freiheitsdenkmal-leipzig.de\/en\/wp-json\/wp\/v2\/tribe_events"}],"about":[{"href":"https:\/\/freiheitsdenkmal-leipzig.de\/en\/wp-json\/wp\/v2\/types\/tribe_events"}],"author":[{"embeddable":true,"href":"https:\/\/freiheitsdenkmal-leipzig.de\/en\/wp-json\/wp\/v2\/users\/1"}],"replies":[{"embeddable":true,"href":"https:\/\/freiheitsdenkmal-leipzig.de\/en\/wp-json\/wp\/v2\/comments?post=7369"}],"version-history":[{"count":3,"href":"https:\/\/freiheitsdenkmal-leipzig.de\/en\/wp-json\/wp\/v2\/tribe_events\/7369\/revisions"}],"predecessor-version":[{"id":7375,"href":"https:\/\/freiheitsdenkmal-leipzig.de\/en\/wp-json\/wp\/v2\/tribe_events\/7369\/revisions\/7375"}],"wp:attachment":[{"href":"https:\/\/freiheitsdenkmal-leipzig.de\/en\/wp-json\/wp\/v2\/media?parent=7369"}],"wp:term":[{"taxonomy":"post_tag","embeddable":true,"href":"https:\/\/freiheitsdenkmal-leipzig.de\/en\/wp-json\/wp\/v2\/tags?post=7369"},{"taxonomy":"tribe_events_cat","embeddable":true,"href":"https:\/\/freiheitsdenkmal-leipzig.de\/en\/wp-json\/wp\/v2\/tribe_events_cat?post=7369"}],"curies":[{"name":"wp","href":"https:\/\/api.w.org\/{rel}","templated":true}]}}

Offene Führung durch die Ausstellung

<section class="av_textblock_section av-m026vt6h-c304c3d931929ac1150eff6c8a385c6b ">
<div class="avia_textblock">
<p>Die geführten Rundgänge sollen einen kurzen Einblick in die Ausstellung und die verschiedenen multimedialen Arbeiten internationaler Künstler*innen bieten, die sich aus verschiedenen Perspektiven dem Denkmalbegriff widmen und diesen an unterschiedlichen Beispielen aus dem Leipziger Umland, den Montagsdemonstrationen, aber auch im internationalen Kontext beleuchten.</p>
<p>Eine Anmeldung ist nicht nötig.</p>
</div>
</section>

<p>Die geführten Rundgänge sollen einen kurzen Einblick in die Ausstellung und die verschiedenen multimedialen Arbeiten internationaler Künstler*innen bieten, die sich aus verschiedenen Perspektiven dem Denkmalbegriff widmen und diesen an unterschiedlichen [&hellip;]</p>
