{"id":7390,"date":"2024-08-20T11:58:20","date_gmt":"2024-08-20T11:58:20","guid":{"rendered":"https:\/\/freiheitsdenkmal-leipzig.de\/?post_type=tribe_events&#038;p=7390"},"modified":"2024-08-20T11:59:11","modified_gmt":"2024-08-20T11:59:11","slug":"macht-der-verbotenen-bilder","status":"publish","type":"tribe_events","link":"https:\/\/freiheitsdenkmal-leipzig.de\/en\/event\/macht-der-verbotenen-bilder","title":{"rendered":"\u201eAls die Angst die Seite wechselte: Die Macht der verbotenen Bilder\u201c"},"content":{"rendered":"<p><strong>Vortrag und Diskussion mit Siegbert Schefke, Journalist und Zeitzeuge<\/strong><\/p>\n<p>Siegbert Schefkes Aufnahmen \u00fcber die Proteste am 9. Oktober 1989 in Leipzig ist nicht nur der Beginn der Ausstellung \u201eDas Denkmal ist&#8230;\u201c, sondern hat entscheidend zum Transformationsprozess 1989\/90 beigetragen. Schefke, selbst aktiver B\u00fcrgerrechtler, filmte gemeinsam mit dem Fotografen Aram Radomski heimlich die Leipziger Montagsdemonstrationen. Es sind ebendiese, einzigen bewegten, Bilder die zeigen, dass die 70.000 Demonstrierenden friedlich waren. Die Bilder gingen um die Welt, wichtiger jedoch: die Bilder machten durch ihr Erscheinen im Westfernsehen am n\u00e4chsten Tag der DDR Bev\u00f6lkerung Mut. Eine Woche sp\u00e4ter demonstrierten 2-3x so viel Menschen in Leipzig. Die Aufnahmen geh\u00f6ren zum unverzichtbaren Bildged\u00e4chtnis der Friedlichen Revolution 1989.<\/p>\n<p>In der Veranstaltung wird Schefke sein Buch \u201eAls die Angst die Seite wechselte \u2013 Die Macht der verbotenen Bilder\u201c vorstellen, \u00fcber die Entstehung der Aufnahmen vom Oktober 1989 berichten und \u00fcber die Macht der Bilder sprechen. Im Anschluss wird die Diskussion f\u00fcr das Publikum ge\u00f6ffnet.<\/p>\n<p><em><span style=\"color: #666666;\">Foto: \u00a9 Robert-Havemann-Stiftung<\/span><\/em><\/p>\n","protected":false},"excerpt":{"rendered":"<p>Vortrag und Diskussion mit Siegbert Schefke, Journalist und Zeitzeuge Siegbert Schefkes Aufnahmen \u00fcber die Proteste am 9. Oktober 1989 in Leipzig ist nicht nur der Beginn der Ausstellung \u201eDas Denkmal [&hellip;]<\/p>\n","protected":false},"author":1,"featured_media":7391,"comment_status":"closed","ping_status":"closed","template":"","meta":{"_tribe_events_status":"","_tribe_events_status_reason":"","footnotes":""},"tags":[],"tribe_events_cat":[27],"class_list":["post-7390","tribe_events","type-tribe_events","status-publish","has-post-thumbnail","hentry","tribe_events_cat-film-gespraech","cat_film-gespraech"],"_links":{"self":[{"href":"https:\/\/freiheitsdenkmal-leipzig.de\/en\/wp-json\/wp\/v2\/tribe_events\/7390"}],"collection":[{"href":"https:\/\/freiheitsdenkmal-leipzig.de\/en\/wp-json\/wp\/v2\/tribe_events"}],"about":[{"href":"https:\/\/freiheitsdenkmal-leipzig.de\/en\/wp-json\/wp\/v2\/types\/tribe_events"}],"author":[{"embeddable":true,"href":"https:\/\/freiheitsdenkmal-leipzig.de\/en\/wp-json\/wp\/v2\/users\/1"}],"replies":[{"embeddable":true,"href":"https:\/\/freiheitsdenkmal-leipzig.de\/en\/wp-json\/wp\/v2\/comments?post=7390"}],"version-history":[{"count":2,"href":"https:\/\/freiheitsdenkmal-leipzig.de\/en\/wp-json\/wp\/v2\/tribe_events\/7390\/revisions"}],"predecessor-version":[{"id":7393,"href":"https:\/\/freiheitsdenkmal-leipzig.de\/en\/wp-json\/wp\/v2\/tribe_events\/7390\/revisions\/7393"}],"wp:featuredmedia":[{"embeddable":true,"href":"https:\/\/freiheitsdenkmal-leipzig.de\/en\/wp-json\/wp\/v2\/media\/7391"}],"wp:attachment":[{"href":"https:\/\/freiheitsdenkmal-leipzig.de\/en\/wp-json\/wp\/v2\/media?parent=7390"}],"wp:term":[{"taxonomy":"post_tag","embeddable":true,"href":"https:\/\/freiheitsdenkmal-leipzig.de\/en\/wp-json\/wp\/v2\/tags?post=7390"},{"taxonomy":"tribe_events_cat","embeddable":true,"href":"https:\/\/freiheitsdenkmal-leipzig.de\/en\/wp-json\/wp\/v2\/tribe_events_cat?post=7390"}],"curies":[{"name":"wp","href":"https:\/\/api.w.org\/{rel}","templated":true}]}}

<p><strong>Vortrag und Diskussion mit Siegbert Schefke, Journalist und Zeitzeuge</strong></p>
<p>Siegbert Schefkes Aufnahmen über die Proteste am 9. Oktober 1989 in Leipzig ist nicht nur der Beginn der Ausstellung „Das Denkmal ist&#8230;“, sondern hat entscheidend zum Transformationsprozess 1989/90 beigetragen. Schefke, selbst aktiver Bürgerrechtler, filmte gemeinsam mit dem Fotografen Aram Radomski heimlich die Leipziger Montagsdemonstrationen. Es sind ebendiese, einzigen bewegten, Bilder die zeigen, dass die 70.000 Demonstrierenden friedlich waren. Die Bilder gingen um die Welt, wichtiger jedoch: die Bilder machten durch ihr Erscheinen im Westfernsehen am nächsten Tag der DDR Bevölkerung Mut. Eine Woche später demonstrierten 2-3x so viel Menschen in Leipzig. Die Aufnahmen gehören zum unverzichtbaren Bildgedächtnis der Friedlichen Revolution 1989.</p>
<p>In der Veranstaltung wird Schefke sein Buch „Als die Angst die Seite wechselte – Die Macht der verbotenen Bilder“ vorstellen, über die Entstehung der Aufnahmen vom Oktober 1989 berichten und über die Macht der Bilder sprechen. Im Anschluss wird die Diskussion für das Publikum geöffnet.</p>
<p><em><span style="color: #666666;">Foto: © Robert-Havemann-Stiftung</span></em></p>

<p>Vortrag und Diskussion mit Siegbert Schefke, Journalist und Zeitzeuge Siegbert Schefkes Aufnahmen über die Proteste am 9. Oktober 1989 in Leipzig ist nicht nur der Beginn der Ausstellung „Das Denkmal [&hellip;]</p>
