{"id":7396,"date":"2024-08-20T12:08:32","date_gmt":"2024-08-20T12:08:32","guid":{"rendered":"https:\/\/freiheitsdenkmal-leipzig.de\/?post_type=tribe_events&#038;p=7396"},"modified":"2024-08-20T12:14:10","modified_gmt":"2024-08-20T12:14:10","slug":"kann-das-weg","status":"publish","type":"tribe_events","link":"https:\/\/freiheitsdenkmal-leipzig.de\/en\/event\/kann-das-weg","title":{"rendered":"\u201eKann das weg oder soll das stehen bleiben?\u201c Was Kriegerdenkm\u00e4ler \u00fcber Gedenken und Geschichtspolitik verraten"},"content":{"rendered":"<p>Ihre Aussagen gehen \u00fcber die Erinnerung an gefallene Soldaten weit hinaus. Zwar blieben Kriegerdenkmale oft \u00fcber Jahrzehnte unbeachtet, doch provozieren ihre mitunter kriegsverherrlichenden Botschaften heute oft Kritik. In den letzten Jahren diskutierte die Stadt M\u00fcnster intensiv, wie sie mit den sperrigen Denkm\u00e4lern umgehen will. Eine Fahrradtour entlang ausgew\u00e4hlter Kriegerdenkm\u00e4ler nimmt diese Debatten in den Blick und l\u00e4dt abschlie\u00dfend zu einem Blick in die Wanderausstellung zum Freiheits- und Einheitsdenkmal in Leipzig ein.<\/p>\n<p><em>Treffpunkt: Tr\u00fcmmerlok an der Promenade, Ecke M\u00fcnzstra\u00dfe\/Schlossplatz (Ende am Hafenplatz); Bitte bringen Sie ein eigenes Fahrrad mit.<\/em><\/p>\n","protected":false},"excerpt":{"rendered":"<p>Ihre Aussagen gehen \u00fcber die Erinnerung an gefallene Soldaten weit hinaus. Zwar blieben Kriegerdenkmale oft \u00fcber Jahrzehnte unbeachtet, doch provozieren ihre mitunter kriegsverherrlichenden Botschaften heute oft Kritik. In den letzten [&hellip;]<\/p>\n","protected":false},"author":1,"featured_media":0,"comment_status":"closed","ping_status":"closed","template":"","meta":{"_tribe_events_status":"","_tribe_events_status_reason":"","footnotes":""},"tags":[],"tribe_events_cat":[27],"class_list":["post-7396","tribe_events","type-tribe_events","status-publish","hentry","tribe_events_cat-film-gespraech","cat_film-gespraech"],"_links":{"self":[{"href":"https:\/\/freiheitsdenkmal-leipzig.de\/en\/wp-json\/wp\/v2\/tribe_events\/7396"}],"collection":[{"href":"https:\/\/freiheitsdenkmal-leipzig.de\/en\/wp-json\/wp\/v2\/tribe_events"}],"about":[{"href":"https:\/\/freiheitsdenkmal-leipzig.de\/en\/wp-json\/wp\/v2\/types\/tribe_events"}],"author":[{"embeddable":true,"href":"https:\/\/freiheitsdenkmal-leipzig.de\/en\/wp-json\/wp\/v2\/users\/1"}],"replies":[{"embeddable":true,"href":"https:\/\/freiheitsdenkmal-leipzig.de\/en\/wp-json\/wp\/v2\/comments?post=7396"}],"version-history":[{"count":2,"href":"https:\/\/freiheitsdenkmal-leipzig.de\/en\/wp-json\/wp\/v2\/tribe_events\/7396\/revisions"}],"predecessor-version":[{"id":7403,"href":"https:\/\/freiheitsdenkmal-leipzig.de\/en\/wp-json\/wp\/v2\/tribe_events\/7396\/revisions\/7403"}],"wp:attachment":[{"href":"https:\/\/freiheitsdenkmal-leipzig.de\/en\/wp-json\/wp\/v2\/media?parent=7396"}],"wp:term":[{"taxonomy":"post_tag","embeddable":true,"href":"https:\/\/freiheitsdenkmal-leipzig.de\/en\/wp-json\/wp\/v2\/tags?post=7396"},{"taxonomy":"tribe_events_cat","embeddable":true,"href":"https:\/\/freiheitsdenkmal-leipzig.de\/en\/wp-json\/wp\/v2\/tribe_events_cat?post=7396"}],"curies":[{"name":"wp","href":"https:\/\/api.w.org\/{rel}","templated":true}]}}

„Kann das weg oder soll das stehen bleiben?“ Was Kriegerdenkmäler über Gedenken und Geschichtspolitik verraten

<p>Ihre Aussagen gehen über die Erinnerung an gefallene Soldaten weit hinaus. Zwar blieben Kriegerdenkmale oft über Jahrzehnte unbeachtet, doch provozieren ihre mitunter kriegsverherrlichenden Botschaften heute oft Kritik. In den letzten Jahren diskutierte die Stadt Münster intensiv, wie sie mit den sperrigen Denkmälern umgehen will. Eine Fahrradtour entlang ausgewählter Kriegerdenkmäler nimmt diese Debatten in den Blick und lädt abschließend zu einem Blick in die Wanderausstellung zum Freiheits- und Einheitsdenkmal in Leipzig ein.</p>
<p><em>Treffpunkt: Trümmerlok an der Promenade, Ecke Münzstraße/Schlossplatz (Ende am Hafenplatz); Bitte bringen Sie ein eigenes Fahrrad mit.</em></p>

<p>Ihre Aussagen gehen über die Erinnerung an gefallene Soldaten weit hinaus. Zwar blieben Kriegerdenkmale oft über Jahrzehnte unbeachtet, doch provozieren ihre mitunter kriegsverherrlichenden Botschaften heute oft Kritik. In den letzten [&hellip;]</p>
