{"id":7523,"date":"2024-08-29T07:56:23","date_gmt":"2024-08-29T07:56:23","guid":{"rendered":"https:\/\/freiheitsdenkmal-leipzig.de\/?post_type=tribe_events&#038;p=7523"},"modified":"2024-08-29T07:57:59","modified_gmt":"2024-08-29T07:57:59","slug":"24-10-09","status":"publish","type":"tribe_events","link":"https:\/\/freiheitsdenkmal-leipzig.de\/en\/event\/24-10-09","title":{"rendered":"Ausstellung aller Entw\u00fcrfe zum Freiheits- und Einheitsdenkmal in Leipzig"},"content":{"rendered":"<section class=\"av_textblock_section av-m026vt6h-c304c3d931929ac1150eff6c8a385c6b \">\n<div class=\"avia_textblock\">Am 9. Oktober \u2013 zum 35. Jahrestag der gro\u00dfen Leipziger Montagsdemonstration \u2013 werden die Entw\u00fcrfe, die am Wettbewerb zu einem Freiheits- und Einheitsdenkmal in Leipzig teilgenommen haben, von 13-20 Uhr \u00f6ffentlich im Paulinum der Universit\u00e4t Leipzig ausgestellt.<\/div>\n<div class=\"avia_textblock\">Von 11-13 Uhr wird die Ausstellung von Altbundespr\u00e4sident Joachim Gauck feierlich er\u00f6ffnet<\/div>\n<\/section>\n","protected":false},"excerpt":{"rendered":"<p>Am 9. Oktober \u2013 zum 35. Jahrestag der gro\u00dfen Leipziger Montagsdemonstration \u2013 werden die Entw\u00fcrfe, die am Wettbewerb zu einem Freiheits- und Einheitsdenkmal in Leipzig teilgenommen haben, von 13-20 Uhr [&hellip;]<\/p>\n","protected":false},"author":1,"featured_media":0,"comment_status":"closed","ping_status":"closed","template":"","meta":{"_tribe_events_status":"","_tribe_events_status_reason":"","footnotes":""},"tags":[],"tribe_events_cat":[40,34],"class_list":["post-7523","tribe_events","type-tribe_events","status-publish","hentry","tribe_events_cat-ausstellung","tribe_events_cat-ausstellungseroeffnung","cat_ausstellung","cat_ausstellungseroeffnung"],"_links":{"self":[{"href":"https:\/\/freiheitsdenkmal-leipzig.de\/en\/wp-json\/wp\/v2\/tribe_events\/7523"}],"collection":[{"href":"https:\/\/freiheitsdenkmal-leipzig.de\/en\/wp-json\/wp\/v2\/tribe_events"}],"about":[{"href":"https:\/\/freiheitsdenkmal-leipzig.de\/en\/wp-json\/wp\/v2\/types\/tribe_events"}],"author":[{"embeddable":true,"href":"https:\/\/freiheitsdenkmal-leipzig.de\/en\/wp-json\/wp\/v2\/users\/1"}],"replies":[{"embeddable":true,"href":"https:\/\/freiheitsdenkmal-leipzig.de\/en\/wp-json\/wp\/v2\/comments?post=7523"}],"version-history":[{"count":2,"href":"https:\/\/freiheitsdenkmal-leipzig.de\/en\/wp-json\/wp\/v2\/tribe_events\/7523\/revisions"}],"predecessor-version":[{"id":7526,"href":"https:\/\/freiheitsdenkmal-leipzig.de\/en\/wp-json\/wp\/v2\/tribe_events\/7523\/revisions\/7526"}],"wp:attachment":[{"href":"https:\/\/freiheitsdenkmal-leipzig.de\/en\/wp-json\/wp\/v2\/media?parent=7523"}],"wp:term":[{"taxonomy":"post_tag","embeddable":true,"href":"https:\/\/freiheitsdenkmal-leipzig.de\/en\/wp-json\/wp\/v2\/tags?post=7523"},{"taxonomy":"tribe_events_cat","embeddable":true,"href":"https:\/\/freiheitsdenkmal-leipzig.de\/en\/wp-json\/wp\/v2\/tribe_events_cat?post=7523"}],"curies":[{"name":"wp","href":"https:\/\/api.w.org\/{rel}","templated":true}]}}

Ausstellung aller Entwürfe zum Freiheits- und Einheitsdenkmal in Leipzig

<section class="av_textblock_section av-m026vt6h-c304c3d931929ac1150eff6c8a385c6b ">
<div class="avia_textblock">Am 9. Oktober – zum 35. Jahrestag der großen Leipziger Montagsdemonstration – werden die Entwürfe, die am Wettbewerb zu einem Freiheits- und Einheitsdenkmal in Leipzig teilgenommen haben, von 13-20 Uhr öffentlich im Paulinum der Universität Leipzig ausgestellt.</div>
<div class="avia_textblock">Von 11-13 Uhr wird die Ausstellung von Altbundespräsident Joachim Gauck feierlich eröffnet</div>
</section>

<p>Am 9. Oktober – zum 35. Jahrestag der großen Leipziger Montagsdemonstration – werden die Entwürfe, die am Wettbewerb zu einem Freiheits- und Einheitsdenkmal in Leipzig teilgenommen haben, von 13-20 Uhr [&hellip;]</p>
