{"id":8868,"date":"2025-02-13T09:22:15","date_gmt":"2025-02-13T09:22:15","guid":{"rendered":"https:\/\/freiheitsdenkmal-leipzig.de\/?post_type=tribe_events&#038;p=8868"},"modified":"2025-02-13T10:15:58","modified_gmt":"2025-02-13T10:15:58","slug":"2-staffel-podcast-online","status":"publish","type":"tribe_events","link":"https:\/\/freiheitsdenkmal-leipzig.de\/en\/event\/2-staffel-podcast-online","title":{"rendered":"Zweite Staffel \u201eWir sind das Volk\u201c"},"content":{"rendered":"<section class=\"av_textblock_section av-lw64nuu5-0fa860e123bb2564700af2d32ba95bb6 \">\n<div class=\"avia_textblock\">\n<section class=\"av_textblock_section av-lxso1dqq-8259e27bc879f4cb3691578a3dd4e680 \">\n<div class=\"avia_textblock\">\n<div class=\"flex_column av-2ki8xi-20ff83e288abf37a9897dac51b7750c2 av_two_third avia-builder-el-2 el_after_av_section el_before_av_one_third avia-builder-el-first first flex_column_table_cell av-equal-height-column av-align-top \">\n<section class=\"av_textblock_section av-lvm2gyrk-0e28545fe510cde3edcf3e9ebe6e1377 \">\n<div class=\"avia_textblock\">\n<p class=\"_ap3a _aaco _aacu _aacx _aad7 _aade\" dir=\"auto\">Heute startet die <a href=\"https:\/\/freiheitsdenkmal-leipzig.de\/podcast\" target=\"_blank\" rel=\"noopener\">zweite Staffel von \u201eWir sind das Volk\u201c<\/a> . Was bringt die zweite Podcast-Staffel Neues? In den bisherigen 15 Folgen haben wir auf die letzten Jahre der DDR zur\u00fcckgeblickt. Wir haben die Menschen getroffen, die damals mit ihrem Mut etwas ver\u00e4ndert haben. Wir haben auf die Zeit der Friedlichen Revolution geschaut.<br \/>\nIn dieser Staffel blicken wir auf die Jahre danach. Wie haben die Ostdeutschen die Wiedervereinigung erlebt? Welche Auswirkungen hatte diese Zeit f\u00fcr sie, f\u00fcr ihre Kinder? Wie pr\u00e4gen diese Erfahrungen bis heute? Und warum m\u00fcssen wir jetzt (noch) dar\u00fcber reden?<br \/>\nErste Folge der neuen Staffel: \u201eWo liegt dieses Ostdeutschland?\u201c Bj\u00f6rn Menzel und Pierre Gehmlich treffen K\u00fcnstler und Journalist Oliver Barth, der sich k\u00fcnstlerisch mit seiner ostdeutschen Herkunft auseinandersetzt.<\/p>\n<p><em>Das Cover zeigt ein Werk von Oliver Barth. Credit: Bj\u00f6rn Menzel<\/em><\/p>\n<\/div>\n<\/section>\n<\/div>\n<\/div>\n<\/section>\n<\/div>\n<\/section>\n","protected":false},"excerpt":{"rendered":"<p>Heute startet die zweite Staffel von \u201eWir sind das Volk\u201c . Was bringt die zweite Podcast-Staffel Neues? In den bisherigen 15 Folgen haben wir auf die letzten Jahre der DDR [&hellip;]<\/p>\n","protected":false},"author":1,"featured_media":8878,"comment_status":"closed","ping_status":"closed","template":"","meta":{"_tribe_events_status":"","_tribe_events_status_reason":"","footnotes":""},"tags":[],"tribe_events_cat":[32],"class_list":["post-8868","tribe_events","type-tribe_events","status-publish","has-post-thumbnail","hentry","tribe_events_cat-podcast","cat_podcast"],"_links":{"self":[{"href":"https:\/\/freiheitsdenkmal-leipzig.de\/en\/wp-json\/wp\/v2\/tribe_events\/8868"}],"collection":[{"href":"https:\/\/freiheitsdenkmal-leipzig.de\/en\/wp-json\/wp\/v2\/tribe_events"}],"about":[{"href":"https:\/\/freiheitsdenkmal-leipzig.de\/en\/wp-json\/wp\/v2\/types\/tribe_events"}],"author":[{"embeddable":true,"href":"https:\/\/freiheitsdenkmal-leipzig.de\/en\/wp-json\/wp\/v2\/users\/1"}],"replies":[{"embeddable":true,"href":"https:\/\/freiheitsdenkmal-leipzig.de\/en\/wp-json\/wp\/v2\/comments?post=8868"}],"version-history":[{"count":5,"href":"https:\/\/freiheitsdenkmal-leipzig.de\/en\/wp-json\/wp\/v2\/tribe_events\/8868\/revisions"}],"predecessor-version":[{"id":8886,"href":"https:\/\/freiheitsdenkmal-leipzig.de\/en\/wp-json\/wp\/v2\/tribe_events\/8868\/revisions\/8886"}],"wp:featuredmedia":[{"embeddable":true,"href":"https:\/\/freiheitsdenkmal-leipzig.de\/en\/wp-json\/wp\/v2\/media\/8878"}],"wp:attachment":[{"href":"https:\/\/freiheitsdenkmal-leipzig.de\/en\/wp-json\/wp\/v2\/media?parent=8868"}],"wp:term":[{"taxonomy":"post_tag","embeddable":true,"href":"https:\/\/freiheitsdenkmal-leipzig.de\/en\/wp-json\/wp\/v2\/tags?post=8868"},{"taxonomy":"tribe_events_cat","embeddable":true,"href":"https:\/\/freiheitsdenkmal-leipzig.de\/en\/wp-json\/wp\/v2\/tribe_events_cat?post=8868"}],"curies":[{"name":"wp","href":"https:\/\/api.w.org\/{rel}","templated":true}]}}

<section class="av_textblock_section av-lw64nuu5-0fa860e123bb2564700af2d32ba95bb6 ">
<div class="avia_textblock">
<section class="av_textblock_section av-lxso1dqq-8259e27bc879f4cb3691578a3dd4e680 ">
<div class="avia_textblock">
<div class="flex_column av-2ki8xi-20ff83e288abf37a9897dac51b7750c2 av_two_third avia-builder-el-2 el_after_av_section el_before_av_one_third avia-builder-el-first first flex_column_table_cell av-equal-height-column av-align-top ">
<section class="av_textblock_section av-lvm2gyrk-0e28545fe510cde3edcf3e9ebe6e1377 ">
<div class="avia_textblock">
<p class="_ap3a _aaco _aacu _aacx _aad7 _aade" dir="auto">Heute startet die <a href="https://freiheitsdenkmal-leipzig.de/podcast" target="_blank" rel="noopener">zweite Staffel von „Wir sind das Volk“</a> . Was bringt die zweite Podcast-Staffel Neues? In den bisherigen 15 Folgen haben wir auf die letzten Jahre der DDR zurückgeblickt. Wir haben die Menschen getroffen, die damals mit ihrem Mut etwas verändert haben. Wir haben auf die Zeit der Friedlichen Revolution geschaut.<br />
In dieser Staffel blicken wir auf die Jahre danach. Wie haben die Ostdeutschen die Wiedervereinigung erlebt? Welche Auswirkungen hatte diese Zeit für sie, für ihre Kinder? Wie prägen diese Erfahrungen bis heute? Und warum müssen wir jetzt (noch) darüber reden?<br />
Erste Folge der neuen Staffel: „Wo liegt dieses Ostdeutschland?“ Björn Menzel und Pierre Gehmlich treffen Künstler und Journalist Oliver Barth, der sich künstlerisch mit seiner ostdeutschen Herkunft auseinandersetzt.</p>
<p><em>Das Cover zeigt ein Werk von Oliver Barth. Credit: Björn Menzel</em></p>
</div>
</section>
</div>
</div>
</section>
</div>
</section>
