{"id":8912,"date":"2025-03-03T12:57:11","date_gmt":"2025-03-03T12:57:11","guid":{"rendered":"https:\/\/freiheitsdenkmal-leipzig.de\/?post_type=tribe_events&#038;p=8912"},"modified":"2025-03-03T13:01:24","modified_gmt":"2025-03-03T13:01:24","slug":"widlsl-podcast","status":"publish","type":"tribe_events","link":"https:\/\/freiheitsdenkmal-leipzig.de\/en\/event\/widlsl-podcast","title":{"rendered":"Podcast zum Freiheits- und Einheitsdenkmal ist online!"},"content":{"rendered":"<section class=\"av_textblock_section av-lw64nuu5-0fa860e123bb2564700af2d32ba95bb6 \">\n<div class=\"avia_textblock\">\n<section class=\"av_textblock_section av-lxso1dqq-8259e27bc879f4cb3691578a3dd4e680 \">\n<div class=\"avia_textblock\">\n<div class=\"flex_column av-2ki8xi-20ff83e288abf37a9897dac51b7750c2 av_two_third avia-builder-el-2 el_after_av_section el_before_av_one_third avia-builder-el-first first flex_column_table_cell av-equal-height-column av-align-top \">\n<section class=\"av_textblock_section av-lvm2gyrk-0e28545fe510cde3edcf3e9ebe6e1377 \">\n<div class=\"avia_textblock\">\n<p class=\"_ap3a _aaco _aacu _aacx _aad7 _aade\" dir=\"auto\">Die neue Folge des Podcasts &#8222;Warum ist das Leben so lang?&#8220; besch\u00e4ftigt sich mit dem Freiheits und Einheitsdenkmal in Leipzig!<\/p>\n<p dir=\"auto\">Die podcaster und K\u00fcnstler Florian Hesselbarth und Paule Hammer haben mit der K\u00fcnstlerin Bea Meyer und den Architekten Michael Grzesiak und Dirk L\u00e4mmel im Leipziger Museum der Bildenden K\u00fcnste \u00fcber ihren Siegerentwurf gesprochen.<br \/>\nF\u00fcr Hintergrundinfos zur Entstehung des Entwurf und pers\u00f6nliche Erinnerungen aller Beteiligten an die Friedliche Revolution <strong><a href=\"https:\/\/yy7gtu.podcaster.de\/warum-ist-das-leben-so-lang\/media\/61_Einheit_Spotify_v5.mp3\" target=\"_blank\" rel=\"noopener\">einfach reinh\u00f6ren!<\/a><\/strong><\/p>\n<\/div>\n<\/section>\n<\/div>\n<\/div>\n<\/section>\n<\/div>\n<\/section>\n","protected":false},"excerpt":{"rendered":"<p>Die neue Folge des Podcasts &#8222;Warum ist das Leben so lang?&#8220; besch\u00e4ftigt sich mit dem Freiheits und Einheitsdenkmal in Leipzig! Die podcaster und K\u00fcnstler Florian Hesselbarth und Paule Hammer haben [&hellip;]<\/p>\n","protected":false},"author":1,"featured_media":8725,"comment_status":"closed","ping_status":"closed","template":"","meta":{"_tribe_events_status":"","_tribe_events_status_reason":"","footnotes":""},"tags":[],"tribe_events_cat":[32],"class_list":["post-8912","tribe_events","type-tribe_events","status-publish","has-post-thumbnail","hentry","tribe_events_cat-podcast","cat_podcast"],"_links":{"self":[{"href":"https:\/\/freiheitsdenkmal-leipzig.de\/en\/wp-json\/wp\/v2\/tribe_events\/8912"}],"collection":[{"href":"https:\/\/freiheitsdenkmal-leipzig.de\/en\/wp-json\/wp\/v2\/tribe_events"}],"about":[{"href":"https:\/\/freiheitsdenkmal-leipzig.de\/en\/wp-json\/wp\/v2\/types\/tribe_events"}],"author":[{"embeddable":true,"href":"https:\/\/freiheitsdenkmal-leipzig.de\/en\/wp-json\/wp\/v2\/users\/1"}],"replies":[{"embeddable":true,"href":"https:\/\/freiheitsdenkmal-leipzig.de\/en\/wp-json\/wp\/v2\/comments?post=8912"}],"version-history":[{"count":3,"href":"https:\/\/freiheitsdenkmal-leipzig.de\/en\/wp-json\/wp\/v2\/tribe_events\/8912\/revisions"}],"predecessor-version":[{"id":8915,"href":"https:\/\/freiheitsdenkmal-leipzig.de\/en\/wp-json\/wp\/v2\/tribe_events\/8912\/revisions\/8915"}],"wp:featuredmedia":[{"embeddable":true,"href":"https:\/\/freiheitsdenkmal-leipzig.de\/en\/wp-json\/wp\/v2\/media\/8725"}],"wp:attachment":[{"href":"https:\/\/freiheitsdenkmal-leipzig.de\/en\/wp-json\/wp\/v2\/media?parent=8912"}],"wp:term":[{"taxonomy":"post_tag","embeddable":true,"href":"https:\/\/freiheitsdenkmal-leipzig.de\/en\/wp-json\/wp\/v2\/tags?post=8912"},{"taxonomy":"tribe_events_cat","embeddable":true,"href":"https:\/\/freiheitsdenkmal-leipzig.de\/en\/wp-json\/wp\/v2\/tribe_events_cat?post=8912"}],"curies":[{"name":"wp","href":"https:\/\/api.w.org\/{rel}","templated":true}]}}

<section class="av_textblock_section av-lw64nuu5-0fa860e123bb2564700af2d32ba95bb6 ">
<div class="avia_textblock">
<section class="av_textblock_section av-lxso1dqq-8259e27bc879f4cb3691578a3dd4e680 ">
<div class="avia_textblock">
<div class="flex_column av-2ki8xi-20ff83e288abf37a9897dac51b7750c2 av_two_third avia-builder-el-2 el_after_av_section el_before_av_one_third avia-builder-el-first first flex_column_table_cell av-equal-height-column av-align-top ">
<section class="av_textblock_section av-lvm2gyrk-0e28545fe510cde3edcf3e9ebe6e1377 ">
<div class="avia_textblock">
<p class="_ap3a _aaco _aacu _aacx _aad7 _aade" dir="auto">Die neue Folge des Podcasts &#8222;Warum ist das Leben so lang?&#8220; beschäftigt sich mit dem Freiheits und Einheitsdenkmal in Leipzig!</p>
<p dir="auto">Die podcaster und Künstler Florian Hesselbarth und Paule Hammer haben mit der Künstlerin Bea Meyer und den Architekten Michael Grzesiak und Dirk Lämmel im Leipziger Museum der Bildenden Künste über ihren Siegerentwurf gesprochen.<br />
Für Hintergrundinfos zur Entstehung des Entwurf und persönliche Erinnerungen aller Beteiligten an die Friedliche Revolution <strong><a href="https://yy7gtu.podcaster.de/warum-ist-das-leben-so-lang/media/61_Einheit_Spotify_v5.mp3" target="_blank" rel="noopener">einfach reinhören!</a></strong></p>
</div>
</section>
</div>
</div>
</section>
</div>
</section>

<p>Die neue Folge des Podcasts &#8222;Warum ist das Leben so lang?&#8220; beschäftigt sich mit dem Freiheits und Einheitsdenkmal in Leipzig! Die podcaster und Künstler Florian Hesselbarth und Paule Hammer haben [&hellip;]</p>
