{"id":8941,"date":"2025-03-10T10:11:02","date_gmt":"2025-03-10T10:11:02","guid":{"rendered":"https:\/\/freiheitsdenkmal-leipzig.de\/?post_type=tribe_events&#038;p=8941"},"modified":"2025-03-24T09:43:44","modified_gmt":"2025-03-24T09:43:44","slug":"lothar-de-maiziere","status":"publish","type":"tribe_events","link":"https:\/\/freiheitsdenkmal-leipzig.de\/en\/event\/lothar-de-maiziere","title":{"rendered":"Buchvorstellung &#038; Diskussion: Lothar de Maizi\u00e8re: \u201e\u2026 es geht um die Abl\u00f6sung einer geschichtlichen Epoche.\u201c"},"content":{"rendered":"<section class=\"av_textblock_section av-lw64nuu5-0fa860e123bb2564700af2d32ba95bb6 \">\n<div class=\"avia_textblock\">\n<section class=\"av_textblock_section av-lxso1dqq-8259e27bc879f4cb3691578a3dd4e680 \">\n<div class=\"avia_textblock\">\n<div class=\"flex_column av-2ki8xi-20ff83e288abf37a9897dac51b7750c2 av_two_third avia-builder-el-2 el_after_av_section el_before_av_one_third avia-builder-el-first first flex_column_table_cell av-equal-height-column av-align-top \">\n<section class=\"av_textblock_section av-lvm2gyrk-0e28545fe510cde3edcf3e9ebe6e1377 \">\n<div class=\"avia_textblock\">\n<h5><strong>Buchvorstellung &amp; Diskussion: <\/strong><strong>Lothar de Maizi\u00e8re: \u201e\u2026 es geht um die Abl\u00f6sung einer geschichtlichen Epoche.\u201c Die Protokolle der CDU\/DA-Fraktion in der Volkskammer der DDR (M\u00e4rz \u2013 September 1990)<\/strong><\/h5>\n<p>Der deutsche Einigungsprozess von der Friedlichen Revolution bis zur Wiedervereinigung erforderte neben den diplomatischen Verhandlungen eine F\u00fclle gesetzgeberischer Ma\u00dfnahmen durch das einzige frei gew\u00e4hlte Parlament in der Geschichte der DDR. Die Protokolle der Fraktion von CDU und Demokratischem Aufbruch sind hierf\u00fcr eine zentrale Quelle, zumal f\u00fcr keine andere Fraktion der damaligen Volkskammer Wortprotokolle vorliegen.<br \/>\nDie im Auftrag der Konrad-Adenauer-Stiftung entstandene umfangreiche wissenschaftliche Edition soll unter Beteiligung damaliger Akteure pr\u00e4sentiert werden.<\/p>\n<p class=\"_ap3a _aaco _aacu _aacx _aad7 _aade\" dir=\"auto\"><em>Einf\u00fchrung:<\/em> Sabine Bergmann-Pohl, Pr\u00e4sidentin der frei gew\u00e4hlten Volkskammer (CDU) und letztes Staatsoberhaupt der DDR<br \/>\n<em>Podiumsgespr\u00e4ch mit:<\/em><br \/>\n\u25cf Cordula Schubert, Mitglied der Volkskammer (CDU) und stellvertretendeVorsitzende des Vereins der ehemaligen Mitglieder der Volkskammer von CDU und DA<br \/>\n\u25cf Markus Meckel, Mitglied der Volkskammer (SPD) und letzter Au\u00dfenminister der DDR<br \/>\n\u25cf Rainer Eppelmann, Mitglied der Volkskammer (DA) und letzter Minister f\u00fcr Verteidigung und Abr\u00fcstung der DDR<br \/>\n<em>Moderation:<\/em> Michael Borchard, Leiter der Hauptabteilung Wissenschaftliche Dienste\/Archiv f\u00fcr Christlich-Demokratische Politik der Konrad-Adenauer-Stiftung<\/p>\n<p>Veranstalterinnen: Konrad Adenauer Stiftung in Kooperation mit der Stiftung Friedliche Revolution<\/p>\n<p>&nbsp;<\/p>\n<\/div>\n<\/section>\n<\/div>\n<\/div>\n<\/section>\n<\/div>\n<\/section>\n","protected":false},"excerpt":{"rendered":"<p>Buchvorstellung &amp; Diskussion: Lothar de Maizi\u00e8re: \u201e\u2026 es geht um die Abl\u00f6sung einer geschichtlichen Epoche.\u201c Die Protokolle der CDU\/DA-Fraktion in der Volkskammer der DDR (M\u00e4rz \u2013 September 1990) Der deutsche [&hellip;]<\/p>\n","protected":false},"author":1,"featured_media":8938,"comment_status":"closed","ping_status":"closed","template":"","meta":{"_tribe_events_status":"","_tribe_events_status_reason":"","footnotes":""},"tags":[],"tribe_events_cat":[35],"class_list":["post-8941","tribe_events","type-tribe_events","status-publish","has-post-thumbnail","hentry","tribe_events_cat-lesung","cat_lesung"],"_links":{"self":[{"href":"https:\/\/freiheitsdenkmal-leipzig.de\/en\/wp-json\/wp\/v2\/tribe_events\/8941"}],"collection":[{"href":"https:\/\/freiheitsdenkmal-leipzig.de\/en\/wp-json\/wp\/v2\/tribe_events"}],"about":[{"href":"https:\/\/freiheitsdenkmal-leipzig.de\/en\/wp-json\/wp\/v2\/types\/tribe_events"}],"author":[{"embeddable":true,"href":"https:\/\/freiheitsdenkmal-leipzig.de\/en\/wp-json\/wp\/v2\/users\/1"}],"replies":[{"embeddable":true,"href":"https:\/\/freiheitsdenkmal-leipzig.de\/en\/wp-json\/wp\/v2\/comments?post=8941"}],"version-history":[{"count":6,"href":"https:\/\/freiheitsdenkmal-leipzig.de\/en\/wp-json\/wp\/v2\/tribe_events\/8941\/revisions"}],"predecessor-version":[{"id":8943,"href":"https:\/\/freiheitsdenkmal-leipzig.de\/en\/wp-json\/wp\/v2\/tribe_events\/8941\/revisions\/8943"}],"wp:featuredmedia":[{"embeddable":true,"href":"https:\/\/freiheitsdenkmal-leipzig.de\/en\/wp-json\/wp\/v2\/media\/8938"}],"wp:attachment":[{"href":"https:\/\/freiheitsdenkmal-leipzig.de\/en\/wp-json\/wp\/v2\/media?parent=8941"}],"wp:term":[{"taxonomy":"post_tag","embeddable":true,"href":"https:\/\/freiheitsdenkmal-leipzig.de\/en\/wp-json\/wp\/v2\/tags?post=8941"},{"taxonomy":"tribe_events_cat","embeddable":true,"href":"https:\/\/freiheitsdenkmal-leipzig.de\/en\/wp-json\/wp\/v2\/tribe_events_cat?post=8941"}],"curies":[{"name":"wp","href":"https:\/\/api.w.org\/{rel}","templated":true}]}}

Buchvorstellung &#038; Diskussion: Lothar de Maizière: „… es geht um die Ablösung einer geschichtlichen Epoche.“

<section class="av_textblock_section av-lw64nuu5-0fa860e123bb2564700af2d32ba95bb6 ">
<div class="avia_textblock">
<section class="av_textblock_section av-lxso1dqq-8259e27bc879f4cb3691578a3dd4e680 ">
<div class="avia_textblock">
<div class="flex_column av-2ki8xi-20ff83e288abf37a9897dac51b7750c2 av_two_third avia-builder-el-2 el_after_av_section el_before_av_one_third avia-builder-el-first first flex_column_table_cell av-equal-height-column av-align-top ">
<section class="av_textblock_section av-lvm2gyrk-0e28545fe510cde3edcf3e9ebe6e1377 ">
<div class="avia_textblock">
<h5><strong>Buchvorstellung &amp; Diskussion: </strong><strong>Lothar de Maizière: „… es geht um die Ablösung einer geschichtlichen Epoche.“ Die Protokolle der CDU/DA-Fraktion in der Volkskammer der DDR (März – September 1990)</strong></h5>
<p>Der deutsche Einigungsprozess von der Friedlichen Revolution bis zur Wiedervereinigung erforderte neben den diplomatischen Verhandlungen eine Fülle gesetzgeberischer Maßnahmen durch das einzige frei gewählte Parlament in der Geschichte der DDR. Die Protokolle der Fraktion von CDU und Demokratischem Aufbruch sind hierfür eine zentrale Quelle, zumal für keine andere Fraktion der damaligen Volkskammer Wortprotokolle vorliegen.<br />
Die im Auftrag der Konrad-Adenauer-Stiftung entstandene umfangreiche wissenschaftliche Edition soll unter Beteiligung damaliger Akteure präsentiert werden.</p>
<p class="_ap3a _aaco _aacu _aacx _aad7 _aade" dir="auto"><em>Einführung:</em> Sabine Bergmann-Pohl, Präsidentin der frei gewählten Volkskammer (CDU) und letztes Staatsoberhaupt der DDR<br />
<em>Podiumsgespräch mit:</em><br />
● Cordula Schubert, Mitglied der Volkskammer (CDU) und stellvertretendeVorsitzende des Vereins der ehemaligen Mitglieder der Volkskammer von CDU und DA<br />
● Markus Meckel, Mitglied der Volkskammer (SPD) und letzter Außenminister der DDR<br />
● Rainer Eppelmann, Mitglied der Volkskammer (DA) und letzter Minister für Verteidigung und Abrüstung der DDR<br />
<em>Moderation:</em> Michael Borchard, Leiter der Hauptabteilung Wissenschaftliche Dienste/Archiv für Christlich-Demokratische Politik der Konrad-Adenauer-Stiftung</p>
<p>Veranstalterinnen: Konrad Adenauer Stiftung in Kooperation mit der Stiftung Friedliche Revolution</p>
<p>&nbsp;</p>
</div>
</section>
</div>
</div>
</section>
</div>
</section>

<p>Buchvorstellung &amp; Diskussion: Lothar de Maizière: „… es geht um die Ablösung einer geschichtlichen Epoche.“ Die Protokolle der CDU/DA-Fraktion in der Volkskammer der DDR (März – September 1990) Der deutsche [&hellip;]</p>
