{"id":8988,"date":"2025-03-25T11:34:08","date_gmt":"2025-03-25T11:34:08","guid":{"rendered":"https:\/\/freiheitsdenkmal-leipzig.de\/?post_type=tribe_events&#038;p=8988"},"modified":"2025-03-25T11:35:44","modified_gmt":"2025-03-25T11:35:44","slug":"philip-husemann","status":"publish","type":"tribe_events","link":"https:\/\/freiheitsdenkmal-leipzig.de\/en\/event\/philip-husemann","title":{"rendered":"Lesung: Philip Huseman"},"content":{"rendered":"<section class=\"av_textblock_section av-lw64nuu5-0fa860e123bb2564700af2d32ba95bb6 \">\n<div class=\"avia_textblock\">\n<section class=\"av_textblock_section av-lxso1dqq-8259e27bc879f4cb3691578a3dd4e680 \">\n<div class=\"avia_textblock\">\n<div class=\"flex_column av-2ki8xi-20ff83e288abf37a9897dac51b7750c2 av_two_third avia-builder-el-2 el_after_av_section el_before_av_one_third avia-builder-el-first first flex_column_table_cell av-equal-height-column av-align-top \">\n<section class=\"av_textblock_section av-lvm2gyrk-0e28545fe510cde3edcf3e9ebe6e1377 \">\n<div class=\"avia_textblock\">\n<h5>\u201eDie Politik von morgen: Wie politische Talente unsere Demokratie retten k\u00f6nnen\u201c<\/h5>\n<p>Der Geschichtswissenschaftler und Sozialunternehmer \u00a0Philip Huseman liest am 27.3. um 16 Uhr in der DenkmalWerkstatt aus \u201eCaroline Weimann und Philip Huseman: \u201eDie Politik von morgen: Wie politische Talente unsere Demokratie retten k\u00f6nnen\u201c<\/p>\n<p>Caroline Weimann und Philip Huseman finden: Unserer Demokratie fehlen die Talente. Sie sehen darin eine Gefahr f\u00fcr die politische Zukunft Deutschlands. Aus diesem Grund haben sie 2019 ihrer Organisation JoinPolitics gegr\u00fcndet und f\u00f6rdern seitdem gezielt den politischen Nachwuchs mit gesammeltem Kapital, das sie u. a. in Bootcamps, Kommunikationstrainings und ein starkes Netzwerk investieren.<\/p>\n<p>In ihrem Buch bringen sie das Problem des unattraktiven politischen Betriebs auf den Punkt und zeigen L\u00f6sungsans\u00e4tze auf. Au\u00dferdem werfen sie einen aktiv-optimistischen Blick in die Zukunft des Landes, aber auch auf die Protagonist:innen von morgen. Sie erl\u00e4utern, was sich \u00e4ndern muss und wie sich das anstellen l\u00e4sst. Dabei begleitet das Buch einige junge politische Talente, die durch JoinPolitics gef\u00f6rdert wurden, und zeigt, wie sich die Politik mit neuen frischen Ideen und genug Idealismus und Selbstbewusstsein \u00e4ndern l\u00e4sst.<\/p>\n<\/div>\n<\/section>\n<\/div>\n<\/div>\n<\/section>\n<\/div>\n<\/section>\n","protected":false},"excerpt":{"rendered":"<p>\u201eDie Politik von morgen: Wie politische Talente unsere Demokratie retten k\u00f6nnen\u201c Der Geschichtswissenschaftler und Sozialunternehmer \u00a0Philip Huseman liest am 27.3. um 16 Uhr in der DenkmalWerkstatt aus \u201eCaroline Weimann und [&hellip;]<\/p>\n","protected":false},"author":1,"featured_media":8989,"comment_status":"closed","ping_status":"closed","template":"","meta":{"_tribe_events_status":"","_tribe_events_status_reason":"","footnotes":""},"tags":[],"tribe_events_cat":[42,35],"class_list":["post-8988","tribe_events","type-tribe_events","status-publish","has-post-thumbnail","hentry","tribe_events_cat-diskussion","tribe_events_cat-lesung","cat_diskussion","cat_lesung"],"_links":{"self":[{"href":"https:\/\/freiheitsdenkmal-leipzig.de\/en\/wp-json\/wp\/v2\/tribe_events\/8988"}],"collection":[{"href":"https:\/\/freiheitsdenkmal-leipzig.de\/en\/wp-json\/wp\/v2\/tribe_events"}],"about":[{"href":"https:\/\/freiheitsdenkmal-leipzig.de\/en\/wp-json\/wp\/v2\/types\/tribe_events"}],"author":[{"embeddable":true,"href":"https:\/\/freiheitsdenkmal-leipzig.de\/en\/wp-json\/wp\/v2\/users\/1"}],"replies":[{"embeddable":true,"href":"https:\/\/freiheitsdenkmal-leipzig.de\/en\/wp-json\/wp\/v2\/comments?post=8988"}],"version-history":[{"count":4,"href":"https:\/\/freiheitsdenkmal-leipzig.de\/en\/wp-json\/wp\/v2\/tribe_events\/8988\/revisions"}],"predecessor-version":[{"id":8991,"href":"https:\/\/freiheitsdenkmal-leipzig.de\/en\/wp-json\/wp\/v2\/tribe_events\/8988\/revisions\/8991"}],"wp:featuredmedia":[{"embeddable":true,"href":"https:\/\/freiheitsdenkmal-leipzig.de\/en\/wp-json\/wp\/v2\/media\/8989"}],"wp:attachment":[{"href":"https:\/\/freiheitsdenkmal-leipzig.de\/en\/wp-json\/wp\/v2\/media?parent=8988"}],"wp:term":[{"taxonomy":"post_tag","embeddable":true,"href":"https:\/\/freiheitsdenkmal-leipzig.de\/en\/wp-json\/wp\/v2\/tags?post=8988"},{"taxonomy":"tribe_events_cat","embeddable":true,"href":"https:\/\/freiheitsdenkmal-leipzig.de\/en\/wp-json\/wp\/v2\/tribe_events_cat?post=8988"}],"curies":[{"name":"wp","href":"https:\/\/api.w.org\/{rel}","templated":true}]}}

<section class="av_textblock_section av-lw64nuu5-0fa860e123bb2564700af2d32ba95bb6 ">
<div class="avia_textblock">
<section class="av_textblock_section av-lxso1dqq-8259e27bc879f4cb3691578a3dd4e680 ">
<div class="avia_textblock">
<div class="flex_column av-2ki8xi-20ff83e288abf37a9897dac51b7750c2 av_two_third avia-builder-el-2 el_after_av_section el_before_av_one_third avia-builder-el-first first flex_column_table_cell av-equal-height-column av-align-top ">
<section class="av_textblock_section av-lvm2gyrk-0e28545fe510cde3edcf3e9ebe6e1377 ">
<div class="avia_textblock">
<h5>„Die Politik von morgen: Wie politische Talente unsere Demokratie retten können“</h5>
<p>Der Geschichtswissenschaftler und Sozialunternehmer  Philip Huseman liest am 27.3. um 16 Uhr in der DenkmalWerkstatt aus „Caroline Weimann und Philip Huseman: „Die Politik von morgen: Wie politische Talente unsere Demokratie retten können“</p>
<p>Caroline Weimann und Philip Huseman finden: Unserer Demokratie fehlen die Talente. Sie sehen darin eine Gefahr für die politische Zukunft Deutschlands. Aus diesem Grund haben sie 2019 ihrer Organisation JoinPolitics gegründet und fördern seitdem gezielt den politischen Nachwuchs mit gesammeltem Kapital, das sie u. a. in Bootcamps, Kommunikationstrainings und ein starkes Netzwerk investieren.</p>
<p>In ihrem Buch bringen sie das Problem des unattraktiven politischen Betriebs auf den Punkt und zeigen Lösungsansätze auf. Außerdem werfen sie einen aktiv-optimistischen Blick in die Zukunft des Landes, aber auch auf die Protagonist:innen von morgen. Sie erläutern, was sich ändern muss und wie sich das anstellen lässt. Dabei begleitet das Buch einige junge politische Talente, die durch JoinPolitics gefördert wurden, und zeigt, wie sich die Politik mit neuen frischen Ideen und genug Idealismus und Selbstbewusstsein ändern lässt.</p>
</div>
</section>
</div>
</div>
</section>
</div>
</section>

<p>„Die Politik von morgen: Wie politische Talente unsere Demokratie retten können“ Der Geschichtswissenschaftler und Sozialunternehmer  Philip Huseman liest am 27.3. um 16 Uhr in der DenkmalWerkstatt aus „Caroline Weimann und [&hellip;]</p>
