{"id":9016,"date":"2025-04-11T08:18:48","date_gmt":"2025-04-11T08:18:48","guid":{"rendered":"https:\/\/freiheitsdenkmal-leipzig.de\/?post_type=tribe_events&#038;p=9016"},"modified":"2025-04-11T08:23:07","modified_gmt":"2025-04-11T08:23:07","slug":"vortrag-25-04-16","status":"publish","type":"tribe_events","link":"https:\/\/freiheitsdenkmal-leipzig.de\/en\/event\/vortrag-25-04-16","title":{"rendered":"\u201eBanner, Fahnen, Transparente\u201c gemeinsam ein Freiheits- und Einheitsdenkmal entwerfen"},"content":{"rendered":"<section class=\"av_textblock_section av-lw64nuu5-0fa860e123bb2564700af2d32ba95bb6 \">\n<div class=\"avia_textblock\">\n<section class=\"av_textblock_section av-lxso1dqq-8259e27bc879f4cb3691578a3dd4e680 \">\n<div class=\"avia_textblock\">\n<div class=\"flex_column av-2ki8xi-20ff83e288abf37a9897dac51b7750c2 av_two_third avia-builder-el-2 el_after_av_section el_before_av_one_third avia-builder-el-first first flex_column_table_cell av-equal-height-column av-align-top \">\n<section class=\"av_textblock_section av-lvm2gyrk-0e28545fe510cde3edcf3e9ebe6e1377 \">\n<h5 class=\"avia_textblock\"><a href=\"https:\/\/fas.htwk-leipzig.de\/en\/mainnavigation\/ueber-die-fakultaet\/veranstaltungen\/vortraegepositionen\/veranstaltungen-detailseite\/event\/banner-fahnen-transparente-gemeinsam-ein-freiheits-und-einheitsdenkmal-entwerfen-positionen\" target=\"_blank\" rel=\"noopener\"><b>Aus der HTWK- Reihe positionen<\/b><\/a><\/h5>\n<p class=\"avia_textblock\">Vortrag und Gespr\u00e4ch <a href=\"https:\/\/fas.htwk-leipzig.de\/en\/mainnavigation\/ueber-die-fakultaet\/veranstaltungen\/vortraegepositionen\/veranstaltungen-detailseite\/event\/banner-fahnen-transparente-gemeinsam-ein-freiheits-und-einheitsdenkmal-entwerfen-positionen\" target=\"_blank\" rel=\"noopener\"><strong>\u201eBanner, Fahnen, Transparente\u201c &#8211; <\/strong><b>gemeinsam ein Freiheits- und Einheitsdenkmal entwerfen <\/b><\/a>mit Bea Meyer, Michael Grzesiak, ZILA, Leipzig und Gesine Oltmanns, Stiftung Friedliche Revolution.<\/p>\n<p class=\"avia_textblock\">Die Veranstaltung zum Sieger-Entwurf f\u00fcr das Freiheits- und Einheitsdenkmal in der positionen-Reihe findet am Mittwoch um 19:15 Uhr statt im H\u00f6rsaal Li 415, Architekturetage, Lipsius-Bau HTWK LEIPZIG, Karl-Liebknecht-Stra\u00dfe 145. Im Anschluss an den Vortrag gibt es die M\u00f6glichkeit zum Gespr\u00e4ch.<br \/>\n<em>Bild: Atelier Loidl \/ Meyer, Grzesiak, ZILA \/ rendercircle<\/em><\/p>\n<\/section>\n<\/div>\n<\/div>\n<\/section>\n<\/div>\n<\/section>\n","protected":false},"excerpt":{"rendered":"<p>Aus der HTWK- Reihe positionen Vortrag und Gespr\u00e4ch \u201eBanner, Fahnen, Transparente\u201c &#8211; gemeinsam ein Freiheits- und Einheitsdenkmal entwerfen mit Bea Meyer, Michael Grzesiak, ZILA, Leipzig und Gesine Oltmanns, Stiftung Friedliche [&hellip;]<\/p>\n","protected":false},"author":1,"featured_media":8725,"comment_status":"closed","ping_status":"closed","template":"","meta":{"_tribe_events_status":"","_tribe_events_status_reason":"","footnotes":""},"tags":[],"tribe_events_cat":[41],"class_list":["post-9016","tribe_events","type-tribe_events","status-publish","has-post-thumbnail","hentry","tribe_events_cat-live-podcast","cat_live-podcast"],"_links":{"self":[{"href":"https:\/\/freiheitsdenkmal-leipzig.de\/en\/wp-json\/wp\/v2\/tribe_events\/9016"}],"collection":[{"href":"https:\/\/freiheitsdenkmal-leipzig.de\/en\/wp-json\/wp\/v2\/tribe_events"}],"about":[{"href":"https:\/\/freiheitsdenkmal-leipzig.de\/en\/wp-json\/wp\/v2\/types\/tribe_events"}],"author":[{"embeddable":true,"href":"https:\/\/freiheitsdenkmal-leipzig.de\/en\/wp-json\/wp\/v2\/users\/1"}],"replies":[{"embeddable":true,"href":"https:\/\/freiheitsdenkmal-leipzig.de\/en\/wp-json\/wp\/v2\/comments?post=9016"}],"version-history":[{"count":6,"href":"https:\/\/freiheitsdenkmal-leipzig.de\/en\/wp-json\/wp\/v2\/tribe_events\/9016\/revisions"}],"predecessor-version":[{"id":9021,"href":"https:\/\/freiheitsdenkmal-leipzig.de\/en\/wp-json\/wp\/v2\/tribe_events\/9016\/revisions\/9021"}],"wp:featuredmedia":[{"embeddable":true,"href":"https:\/\/freiheitsdenkmal-leipzig.de\/en\/wp-json\/wp\/v2\/media\/8725"}],"wp:attachment":[{"href":"https:\/\/freiheitsdenkmal-leipzig.de\/en\/wp-json\/wp\/v2\/media?parent=9016"}],"wp:term":[{"taxonomy":"post_tag","embeddable":true,"href":"https:\/\/freiheitsdenkmal-leipzig.de\/en\/wp-json\/wp\/v2\/tags?post=9016"},{"taxonomy":"tribe_events_cat","embeddable":true,"href":"https:\/\/freiheitsdenkmal-leipzig.de\/en\/wp-json\/wp\/v2\/tribe_events_cat?post=9016"}],"curies":[{"name":"wp","href":"https:\/\/api.w.org\/{rel}","templated":true}]}}

<section class="av_textblock_section av-lw64nuu5-0fa860e123bb2564700af2d32ba95bb6 ">
<div class="avia_textblock">
<section class="av_textblock_section av-lxso1dqq-8259e27bc879f4cb3691578a3dd4e680 ">
<div class="avia_textblock">
<div class="flex_column av-2ki8xi-20ff83e288abf37a9897dac51b7750c2 av_two_third avia-builder-el-2 el_after_av_section el_before_av_one_third avia-builder-el-first first flex_column_table_cell av-equal-height-column av-align-top ">
<section class="av_textblock_section av-lvm2gyrk-0e28545fe510cde3edcf3e9ebe6e1377 ">
<h5 class="avia_textblock"><a href="https://fas.htwk-leipzig.de/en/mainnavigation/ueber-die-fakultaet/veranstaltungen/vortraegepositionen/veranstaltungen-detailseite/event/banner-fahnen-transparente-gemeinsam-ein-freiheits-und-einheitsdenkmal-entwerfen-positionen" target="_blank" rel="noopener"><b>Aus der HTWK- Reihe positionen</b></a></h5>
<p class="avia_textblock">Vortrag und Gespräch <a href="https://fas.htwk-leipzig.de/en/mainnavigation/ueber-die-fakultaet/veranstaltungen/vortraegepositionen/veranstaltungen-detailseite/event/banner-fahnen-transparente-gemeinsam-ein-freiheits-und-einheitsdenkmal-entwerfen-positionen" target="_blank" rel="noopener"><strong>„Banner, Fahnen, Transparente“ &#8211; </strong><b>gemeinsam ein Freiheits- und Einheitsdenkmal entwerfen </b></a>mit Bea Meyer, Michael Grzesiak, ZILA, Leipzig und Gesine Oltmanns, Stiftung Friedliche Revolution.</p>
<p class="avia_textblock">Die Veranstaltung zum Sieger-Entwurf für das Freiheits- und Einheitsdenkmal in der positionen-Reihe findet am Mittwoch um 19:15 Uhr statt im Hörsaal Li 415, Architekturetage, Lipsius-Bau HTWK LEIPZIG, Karl-Liebknecht-Straße 145. Im Anschluss an den Vortrag gibt es die Möglichkeit zum Gespräch.<br />
<em>Bild: Atelier Loidl / Meyer, Grzesiak, ZILA / rendercircle</em></p>
</section>
</div>
</div>
</section>
</div>
</section>

<p>Aus der HTWK- Reihe positionen Vortrag und Gespräch „Banner, Fahnen, Transparente“ &#8211; gemeinsam ein Freiheits- und Einheitsdenkmal entwerfen mit Bea Meyer, Michael Grzesiak, ZILA, Leipzig und Gesine Oltmanns, Stiftung Friedliche [&hellip;]</p>
