{"id":9306,"date":"2025-05-20T07:15:30","date_gmt":"2025-05-20T07:15:30","guid":{"rendered":"https:\/\/freiheitsdenkmal-leipzig.de\/?post_type=tribe_events&#038;p=9306"},"modified":"2025-08-27T16:18:12","modified_gmt":"2025-08-27T16:18:12","slug":"wsdv-25-08-29","status":"publish","type":"tribe_events","link":"https:\/\/freiheitsdenkmal-leipzig.de\/en\/event\/wsdv-25-08-29","title":{"rendered":"LIVE-Podcast &#8222;Wir sind das Volk&#8220; wird statt in Freiberg im Studio aufgezeichnet"},"content":{"rendered":"<section class=\"av_textblock_section av-lw64nuu5-0fa860e123bb2564700af2d32ba95bb6 \">\n<div class=\"avia_textblock\">\n<section class=\"av_textblock_section av-lxso1dqq-8259e27bc879f4cb3691578a3dd4e680 \">\n<div class=\"avia_textblock\">\n<div class=\"flex_column av-2ki8xi-20ff83e288abf37a9897dac51b7750c2 av_two_third avia-builder-el-2 el_after_av_section el_before_av_one_third avia-builder-el-first first flex_column_table_cell av-equal-height-column av-align-top \">\n<section class=\"av_textblock_section av-lvm2gyrk-0e28545fe510cde3edcf3e9ebe6e1377 \">\n<div class=\"avia_textblock\">\n<h5>Unser Live-Podcast aus Freiberg muss nach kurzfristigen Absagen des geplanten Veranstaltungsraumes in Freiberg aus \u201epolitischen Neutralit\u00e4tsgr\u00fcnden\u201c leider als nicht \u00f6ffentliche Studioaufnahme stattfinden.<\/h5>\n<h5>Der Podcast wird nat\u00fcrlich in unserer Reihe \u201eWir sind das Volk\u201c in einigen Wochen zu h\u00f6ren sein<\/h5>\n<p>Der Podcast der Stiftung Friedliche Revolution Leipzig geht live auf eine spannende Reise durch Ostdeutschland mit interessanten Gespr\u00e4chspartner:innen aus den jeweiligen Regionen.<\/p>\n<div class=\"\">\n<div>F\u00fcnfter Termin der Live-Podcast-Tour: 29. August in Freiberg in der Stadtbibliothek<\/div>\n<\/div>\n<p>Hier sprechen die Podcast-Macher Bj\u00f6rn Menzel und Pierre Gehmlich mit der Freiberger Stadtr\u00e4tin und Alumnibeauftragten der TU Bergakademie <strong>Constance Bornkampf<\/strong> und dem Historiker <a href=\"https:\/\/hait.tu-dresden.de\/ext\/institut\/mitarbeiterprofil-13\/\" target=\"_blank\" rel=\"noopener\"><strong>Andreas K\u00f6tzing<\/strong><\/a> \u00fcber das Thema &#8222;Ist die Freiheit in Gefahr?&#8220;.<br \/>\nK\u00f6tzing ist Wissenschaftlicher Mitarbeiter am Hannah-Arendt-Institut f\u00fcr Totalitarismusforschung in Dresden und befasst sich u.a. mit den Umbr\u00fcchen der Wende-Zeit.<br \/>\nBornkampf engagiert sich u.a. im Demokratieb\u00fcndnis <a href=\"https:\/\/freibergfueralle.de\/\">Freiberg f\u00fcr alle<\/a>.<\/p>\n<p class=\"_ap3a _aaco _aacu _aacx _aad7 _aade\" dir=\"auto\">Wir laden herzlich zu unserem Live-Podcasts nach Freiberg ein!<br \/>\nAlle Veranstaltungen sind \u00f6ffentlich, der Eintritt ist frei. Die Gespr\u00e4che werden aufgezeichnet und es entsteht aus jeder Veranstaltung eine neue Folge f\u00fcr den Podcast.<\/p>\n<\/div>\n<\/section>\n<\/div>\n<\/div>\n<\/section>\n<\/div>\n<\/section>\n","protected":false},"excerpt":{"rendered":"<p>Unser Live-Podcast aus Freiberg muss nach kurzfristigen Absagen des geplanten Veranstaltungsraumes in Freiberg aus \u201epolitischen Neutralit\u00e4tsgr\u00fcnden\u201c leider als nicht \u00f6ffentliche Studioaufnahme stattfinden. Der Podcast wird nat\u00fcrlich in unserer Reihe \u201eWir [&hellip;]<\/p>\n","protected":false},"author":1,"featured_media":9191,"comment_status":"closed","ping_status":"closed","template":"","meta":{"_tribe_events_status":"","_tribe_events_status_reason":"","footnotes":""},"tags":[],"tribe_events_cat":[41,32],"class_list":["post-9306","tribe_events","type-tribe_events","status-publish","has-post-thumbnail","hentry","tribe_events_cat-live-podcast","tribe_events_cat-podcast","cat_live-podcast","cat_podcast"],"_links":{"self":[{"href":"https:\/\/freiheitsdenkmal-leipzig.de\/en\/wp-json\/wp\/v2\/tribe_events\/9306"}],"collection":[{"href":"https:\/\/freiheitsdenkmal-leipzig.de\/en\/wp-json\/wp\/v2\/tribe_events"}],"about":[{"href":"https:\/\/freiheitsdenkmal-leipzig.de\/en\/wp-json\/wp\/v2\/types\/tribe_events"}],"author":[{"embeddable":true,"href":"https:\/\/freiheitsdenkmal-leipzig.de\/en\/wp-json\/wp\/v2\/users\/1"}],"replies":[{"embeddable":true,"href":"https:\/\/freiheitsdenkmal-leipzig.de\/en\/wp-json\/wp\/v2\/comments?post=9306"}],"version-history":[{"count":8,"href":"https:\/\/freiheitsdenkmal-leipzig.de\/en\/wp-json\/wp\/v2\/tribe_events\/9306\/revisions"}],"predecessor-version":[{"id":9308,"href":"https:\/\/freiheitsdenkmal-leipzig.de\/en\/wp-json\/wp\/v2\/tribe_events\/9306\/revisions\/9308"}],"wp:featuredmedia":[{"embeddable":true,"href":"https:\/\/freiheitsdenkmal-leipzig.de\/en\/wp-json\/wp\/v2\/media\/9191"}],"wp:attachment":[{"href":"https:\/\/freiheitsdenkmal-leipzig.de\/en\/wp-json\/wp\/v2\/media?parent=9306"}],"wp:term":[{"taxonomy":"post_tag","embeddable":true,"href":"https:\/\/freiheitsdenkmal-leipzig.de\/en\/wp-json\/wp\/v2\/tags?post=9306"},{"taxonomy":"tribe_events_cat","embeddable":true,"href":"https:\/\/freiheitsdenkmal-leipzig.de\/en\/wp-json\/wp\/v2\/tribe_events_cat?post=9306"}],"curies":[{"name":"wp","href":"https:\/\/api.w.org\/{rel}","templated":true}]}}

<section class="av_textblock_section av-lw64nuu5-0fa860e123bb2564700af2d32ba95bb6 ">
<div class="avia_textblock">
<section class="av_textblock_section av-lxso1dqq-8259e27bc879f4cb3691578a3dd4e680 ">
<div class="avia_textblock">
<div class="flex_column av-2ki8xi-20ff83e288abf37a9897dac51b7750c2 av_two_third avia-builder-el-2 el_after_av_section el_before_av_one_third avia-builder-el-first first flex_column_table_cell av-equal-height-column av-align-top ">
<section class="av_textblock_section av-lvm2gyrk-0e28545fe510cde3edcf3e9ebe6e1377 ">
<div class="avia_textblock">
<h5>Unser Live-Podcast aus Freiberg muss nach kurzfristigen Absagen des geplanten Veranstaltungsraumes in Freiberg aus „politischen Neutralitätsgründen“ leider als nicht öffentliche Studioaufnahme stattfinden.</h5>
<h5>Der Podcast wird natürlich in unserer Reihe „Wir sind das Volk“ in einigen Wochen zu hören sein</h5>
<p>Der Podcast der Stiftung Friedliche Revolution Leipzig geht live auf eine spannende Reise durch Ostdeutschland mit interessanten Gesprächspartner:innen aus den jeweiligen Regionen.</p>
<div class="">
<div>Fünfter Termin der Live-Podcast-Tour: 29. August in Freiberg in der Stadtbibliothek</div>
</div>
<p>Hier sprechen die Podcast-Macher Björn Menzel und Pierre Gehmlich mit der Freiberger Stadträtin und Alumnibeauftragten der TU Bergakademie <strong>Constance Bornkampf</strong> und dem Historiker <a href="https://hait.tu-dresden.de/ext/institut/mitarbeiterprofil-13/" target="_blank" rel="noopener"><strong>Andreas Kötzing</strong></a> über das Thema &#8222;Ist die Freiheit in Gefahr?&#8220;.<br />
Kötzing ist Wissenschaftlicher Mitarbeiter am Hannah-Arendt-Institut für Totalitarismusforschung in Dresden und befasst sich u.a. mit den Umbrüchen der Wende-Zeit.<br />
Bornkampf engagiert sich u.a. im Demokratiebündnis <a href="https://freibergfueralle.de/">Freiberg für alle</a>.</p>
<p class="_ap3a _aaco _aacu _aacx _aad7 _aade" dir="auto">Wir laden herzlich zu unserem Live-Podcasts nach Freiberg ein!<br />
Alle Veranstaltungen sind öffentlich, der Eintritt ist frei. Die Gespräche werden aufgezeichnet und es entsteht aus jeder Veranstaltung eine neue Folge für den Podcast.</p>
</div>
</section>
</div>
</div>
</section>
</div>
</section>

<p>Unser Live-Podcast aus Freiberg muss nach kurzfristigen Absagen des geplanten Veranstaltungsraumes in Freiberg aus „politischen Neutralitätsgründen“ leider als nicht öffentliche Studioaufnahme stattfinden. Der Podcast wird natürlich in unserer Reihe „Wir [&hellip;]</p>
